{"id":624,"date":"2023-03-28T15:57:34","date_gmt":"2023-03-28T15:57:34","guid":{"rendered":"https:\/\/www.ccfbg.net\/?post_type=tribe_events&#038;p=624"},"modified":"2023-03-28T15:57:34","modified_gmt":"2023-03-28T15:57:34","slug":"lancamento-da-exposicao-de-iacuba-camara-a-africa-face-aos-desafios-da-globalizacao-quarta-feira-26-de-abril-18h","status":"publish","type":"tribe_events","link":"https:\/\/www.ccfbg.net\/index.php\/eventos\/lancamento-da-exposicao-de-iacuba-camara-a-africa-face-aos-desafios-da-globalizacao-quarta-feira-26-de-abril-18h\/","title":{"rendered":"Lan\u00e7amento da exposi\u00e7\u00e3o de Iacuba Camara \u00ab A \u00c1frica face aos desafios da globaliza\u00e7\u00e3o \u00bb, quarta-feira, 26 de Abril, 18h"},"content":{"rendered":"<p id=\"block-1d0a2ac7-0d84-4beb-b84d-9c1ed58e6252\">No dia 26 abril \u00e0s 18h, acontecer\u00e1 na Galeria do Centro Cultural Franco-Bissau-Guineense o lan\u00e7amento da exposi\u00e7\u00e3o de obras de arte\u00a0<strong><em>\u201c\u00c1frica face aos desafios da globaliza\u00e7\u00e3o\u201d\u00a0<\/em><\/strong>de Iacuba Camara, jovem artista estudante da Escola Nacional Superior Tchico T\u00e9.<br \/>\nA exposi\u00e7\u00e3o ficar\u00e1 vigente duas semanas. As obras poder\u00e3o ser adquiridas no local.<\/p>\n<p><strong>Tema da exposi\u00e7\u00e3o:<\/strong><\/p>\n<p>A \u00c1frica, como \u00e9 do conhecimento de todos, um continente f\u00e9rtil recheado de recursos, tanto naturais como humanos qualificados que, no entanto, n\u00e3o est\u00e3o a ser \u00fateis para desenvolv\u00ea-la, continuando a enfrentar dificuldades de v\u00e1rias ordens, desde a desgoverna\u00e7\u00e3o, a desigualdade social, a migra\u00e7\u00e3o irregular, a defloresta\u00e7\u00e3o, a fome, a guerra, etc, provocando um desastre social.<\/p>\n<p>Levando tudo isso em considera\u00e7\u00e3o, a arte, sendo uma forma de expressar os sentimentos, pretende-se, com a exposi\u00e7\u00e3o dessas obras, demostrar as riquesas da regi\u00e3o e os males que a afetam e, ao mesmo tempo, conciencializar a comunidade africana, de forma particular, a guineense, quanto a necessidade de uma uni\u00e3o a todos os n\u00edveis, para fazer face aos desafios da globaliza\u00e7\u00e3o.<\/p>\n<p>A entrada ser\u00e1 gratuita. As obras do artista estar\u00e3o \u00e0 venda no local.<\/p>\n<p><strong>Biografia\u00a0:<\/strong><\/p>\n<p><strong>IACUBA CAMAR\u00c1, ARTISTA PL\u00c1STICO<\/strong><\/p>\n<p>Nascido aos 20.08.1997 em Bissau. Filho de Iaia Camar\u00e1 e de Djenabu Danfa, nasceu no seio duma fam\u00edlia camponesa e comerciante. Desde a inf\u00e2ncia come\u00e7ou-se a apaixonar pela arte pl\u00e1stica, apesar das muitas dificuldade que poderiam obstacularizar o seu sonho, manteve forte e dedicado a esse sonho que veio a concretizar-se.<\/p>\n<p>No ano 2016, terminou o ensino secund\u00e1rio pelo centro escolar Attadamun, logo no ano 2017 a 2018\u00a0 ganhou o contrato de trabalho na empresa BISSAU GAME como designer gr\u00e1fico. No ano 2019 a 2020, assumiu o contrato de trabalho no hotel ledger plaza como funcion\u00e1rio onde usufruiu duma forma\u00e7\u00e3o na mat\u00e9ria de lavandaria, em G\u00e2mbia.<\/p>\n<p>Em 2020, atrav\u00e9s do concurso p\u00fablico,\u00a0 ingressou-se\u00a0 no curso de desenho na escola superior de educa\u00e7\u00e3o UNIDADE- TCHICO T\u00c9 como estudante. No ano seguinte, ganhou o pr\u00e9mio \u201c ESPECIAL\u201d\u00a0 atrav\u00e9s duma ilustra\u00e7\u00e3o de fotografias feita na luta contra covid-19\u00a0 no \u00e2mbito de amizade\u00a0<strong>sinoguineense\u00a0<\/strong>organizada pela embaixada da china na Guin\u00e9-Bissau, ainda nesse ano, coordenou a equipa dos jovens artistas que pintaram o mural da escola onde estuda (TCHICO T\u00c9).<\/p>\n<p>Em 2022, foi contratado pela embaixada da China para realizar alguns trabalhos art\u00edsticos nessa institui\u00e7\u00e3o, e participou, igualmente, do concurso da pintura organizado pela F.A.O., alusivo ao dia de alimenta\u00e7\u00e3o, acabando na primeira posi\u00e7\u00e3o, por conseguinte nomeado o vencedor desse pr\u00e9mio. Atualmente, \u00e9 estudante do 3\u00ba ano em desenho na TCHICO T\u00c9, artista com muitos trabalhos feitos.<\/p>\n","protected":false},"excerpt":{"rendered":"<p>No dia 26 abril \u00e0s 18h, acontecer\u00e1 na Galeria do Centro Cultural Franco-Bissau-Guineense o lan\u00e7amento da exposi\u00e7\u00e3o de obras de arte\u00a0\u201c\u00c1frica face aos desafios da globaliza\u00e7\u00e3o\u201d\u00a0de Iacuba Camara, jovem artista&hellip;<\/p>\n","protected":false},"author":1,"featured_media":619,"comment_status":"open","ping_status":"closed","template":"","meta":{"_tribe_events_status":"","_tribe_events_status_reason":"","footnotes":""},"tags":[],"tribe_events_cat":[47,48],"class_list":["post-624","tribe_events","type-tribe_events","status-publish","has-post-thumbnail","hentry","tribe_events_cat-artes-plasticas","tribe_events_cat-artes-visuais","cat_artes-plasticas","cat_artes-visuais"],"_links":{"self":[{"href":"https:\/\/www.ccfbg.net\/index.php\/wp-json\/wp\/v2\/tribe_events\/624","targetHints":{"allow":["GET"]}}],"collection":[{"href":"https:\/\/www.ccfbg.net\/index.php\/wp-json\/wp\/v2\/tribe_events"}],"about":[{"href":"https:\/\/www.ccfbg.net\/index.php\/wp-json\/wp\/v2\/types\/tribe_events"}],"author":[{"embeddable":true,"href":"https:\/\/www.ccfbg.net\/index.php\/wp-json\/wp\/v2\/users\/1"}],"replies":[{"embeddable":true,"href":"https:\/\/www.ccfbg.net\/index.php\/wp-json\/wp\/v2\/comments?post=624"}],"version-history":[{"count":1,"href":"https:\/\/www.ccfbg.net\/index.php\/wp-json\/wp\/v2\/tribe_events\/624\/revisions"}],"predecessor-version":[{"id":625,"href":"https:\/\/www.ccfbg.net\/index.php\/wp-json\/wp\/v2\/tribe_events\/624\/revisions\/625"}],"wp:featuredmedia":[{"embeddable":true,"href":"https:\/\/www.ccfbg.net\/index.php\/wp-json\/wp\/v2\/media\/619"}],"wp:attachment":[{"href":"https:\/\/www.ccfbg.net\/index.php\/wp-json\/wp\/v2\/media?parent=624"}],"wp:term":[{"taxonomy":"post_tag","embeddable":true,"href":"https:\/\/www.ccfbg.net\/index.php\/wp-json\/wp\/v2\/tags?post=624"},{"taxonomy":"tribe_events_cat","embeddable":true,"href":"https:\/\/www.ccfbg.net\/index.php\/wp-json\/wp\/v2\/tribe_events_cat?post=624"}],"curies":[{"name":"wp","href":"https:\/\/api.w.org\/{rel}","templated":true}]}}

Lançamento da exposição de Iacuba Camara « A África face aos desafios da globalização », quarta-feira, 26 de Abril, 18h

<p id="block-1d0a2ac7-0d84-4beb-b84d-9c1ed58e6252">No dia 26 abril às 18h, acontecerá na Galeria do Centro Cultural Franco-Bissau-Guineense o lançamento da exposição de obras de arte <strong><em>“África face aos desafios da globalização” </em></strong>de Iacuba Camara, jovem artista estudante da Escola Nacional Superior Tchico Té.<br />
A exposição ficará vigente duas semanas. As obras poderão ser adquiridas no local.</p>
<p><strong>Tema da exposição:</strong></p>
<p>A África, como é do conhecimento de todos, um continente fértil recheado de recursos, tanto naturais como humanos qualificados que, no entanto, não estão a ser úteis para desenvolvê-la, continuando a enfrentar dificuldades de várias ordens, desde a desgovernação, a desigualdade social, a migração irregular, a deflorestação, a fome, a guerra, etc, provocando um desastre social.</p>
<p>Levando tudo isso em consideração, a arte, sendo uma forma de expressar os sentimentos, pretende-se, com a exposição dessas obras, demostrar as riquesas da região e os males que a afetam e, ao mesmo tempo, conciencializar a comunidade africana, de forma particular, a guineense, quanto a necessidade de uma união a todos os níveis, para fazer face aos desafios da globalização.</p>
<p>A entrada será gratuita. As obras do artista estarão à venda no local.</p>
<p><strong>Biografia :</strong></p>
<p><strong>IACUBA CAMARÁ, ARTISTA PLÁSTICO</strong></p>
<p>Nascido aos 20.08.1997 em Bissau. Filho de Iaia Camará e de Djenabu Danfa, nasceu no seio duma família camponesa e comerciante. Desde a infância começou-se a apaixonar pela arte plástica, apesar das muitas dificuldade que poderiam obstacularizar o seu sonho, manteve forte e dedicado a esse sonho que veio a concretizar-se.</p>
<p>No ano 2016, terminou o ensino secundário pelo centro escolar Attadamun, logo no ano 2017 a 2018  ganhou o contrato de trabalho na empresa BISSAU GAME como designer gráfico. No ano 2019 a 2020, assumiu o contrato de trabalho no hotel ledger plaza como funcionário onde usufruiu duma formação na matéria de lavandaria, em Gâmbia.</p>
<p>Em 2020, através do concurso público,  ingressou-se  no curso de desenho na escola superior de educação UNIDADE- TCHICO TÉ como estudante. No ano seguinte, ganhou o prémio “ ESPECIAL”  através duma ilustração de fotografias feita na luta contra covid-19  no âmbito de amizade <strong>sinoguineense </strong>organizada pela embaixada da china na Guiné-Bissau, ainda nesse ano, coordenou a equipa dos jovens artistas que pintaram o mural da escola onde estuda (TCHICO TÉ).</p>
<p>Em 2022, foi contratado pela embaixada da China para realizar alguns trabalhos artísticos nessa instituição, e participou, igualmente, do concurso da pintura organizado pela F.A.O., alusivo ao dia de alimentação, acabando na primeira posição, por conseguinte nomeado o vencedor desse prémio. Atualmente, é estudante do 3º ano em desenho na TCHICO TÉ, artista com muitos trabalhos feitos.</p>

<p>No dia 26 abril às 18h, acontecerá na Galeria do Centro Cultural Franco-Bissau-Guineense o lançamento da exposição de obras de arte “África face aos desafios da globalização” de Iacuba Camara, jovem artista&hellip;</p>
