{"id":588,"date":"2023-03-14T18:50:31","date_gmt":"2023-03-14T18:50:31","guid":{"rendered":"https:\/\/www.ccfbg.net\/?post_type=tribe_events&#038;p=588"},"modified":"2023-03-14T18:50:31","modified_gmt":"2023-03-14T18:50:31","slug":"concerto-de-mario-babrem-na-quarta-feira-22-de-marco-as-21h","status":"publish","type":"tribe_events","link":"https:\/\/www.ccfbg.net\/index.php\/eventos\/concerto-de-mario-babrem-na-quarta-feira-22-de-marco-as-21h\/","title":{"rendered":"Concerto de M\u00e1rio Babr\u00e9m na quarta-feira, 22 de Mar\u00e7o, \u00e0s 21h"},"content":{"rendered":"<div class=\"x11i5rnm xat24cr x1mh8g0r x1vvkbs xdj266r x126k92a\">\n<div dir=\"auto\">O Centro Cultural Franco Bissau Guineense recebe um concerto de M\u00e1rio Babr\u00e9m na quarta-feira, 22 de Mar\u00e7o, \u00e0s 21h. Os bilhetes est\u00e3o \u00e0 venda na Mediateca do CCFBG no valor de 5000 XOF.<\/div>\n<div dir=\"auto\">&#8212;<\/div>\n<div dir=\"auto\">M\u00e1rio Babr\u00e9m \u00e9 natural da capital guineense, Bissau, cidade onde passou a sua inf\u00e2ncia e juventude, efectuando a\u00ed tamb\u00e9m o ensino prim\u00e1rio e secund\u00e1rio. Foi igualmente em Bissau que deu os primeiros passos na direc\u00e7\u00e3o daquilo que viria a ser a sua paix\u00e3o de vida, ou seja, a m\u00fasica. Recorda que esta arte sempre esteve presente na sua vida, lembra-se que em tenra idade, de tanto ouvir m\u00fasica, aventurava-se depois na reprodu\u00e7\u00e3o do que ouvia, imitando assim grandes nomes como Sid\u00f3nio Pais, Justino Delgado, Jos\u00e9 Carlos Schwarz entre outros. Essa paix\u00e3o e dedica\u00e7\u00e3o come\u00e7aram a ganhar forma e orienta\u00e7\u00e3o quando entrou para a escola de m\u00fasica Jos\u00e9 Carlos Shwartz, onde aprenderia os princ\u00edpios b\u00e1sicos do canto e a articula\u00e7\u00e3o com os sons e os instrumentos musicais. Depois seguiu-se o convite para integrar o grupo \u201cMini \u00c1frica Livre\u201d, uma esp\u00e9cie de juniores desta grande banda, como vocalista.<\/div>\n<div dir=\"auto\">Quer atrav\u00e9s de can\u00e7\u00f5es da sua autoria ou de outros, a sua voz mel\u00f3dica e romantica foi aos poucos encantando os ouvidos e conquistando o cora\u00e7\u00e3o dos guineenses, antes de se deslocar para Portugal no in\u00edcio da d\u00e9cada de 90. Em 1994, pouco tempo depois da chegada a Europa, consegue finalmente, gravar a sua primeira obra discogr\u00e1fica, intitulada \u201cAz di Copa\u201d, confirmando assim todo o talento j\u00e1 demonstrado.<\/div>\n<div dir=\"auto\">Actualmente, encontra-se radicado na di\u00e1spora h\u00e1 mais de tr\u00eas d\u00e9cadas, tendo j\u00e1 actuado nos mais diversos palcos pela Europa e \u00c1frica, onde trabalhou com os grandes nomes da m\u00fasica nacional e internacional.<\/div>\n<div dir=\"auto\">M\u00e1rio Babr\u00e9m \u00e9, indubitavelmente, uma das vozes mais sonantes do panorama musical nacional e com temas de grande sucesso e que s\u00e3o marcos nas mem\u00f3rias de muitos guineenses.<\/div>\n<\/div>\n<div class=\"x11i5rnm xat24cr x1mh8g0r x1vvkbs xtlvy1s x126k92a\">\n<div dir=\"auto\">Em termos de \u00e1lbuns, conta j\u00e1 com cinco no mercado, tendo ainda outros trabalhos em carteira para lan\u00e7ar em breve.<\/div>\n<\/div>\n<div class=\"x11i5rnm xat24cr x1mh8g0r x1vvkbs xtlvy1s x126k92a\">\n<div dir=\"auto\">Tempo Destino \u2013 2020<\/div>\n<div dir=\"auto\">Planeta \u2013 2011<\/div>\n<div dir=\"auto\">Tudo Assim &#8211; 2004<\/div>\n<div dir=\"auto\">Yama Man\u00e9 \u2013 1998<\/div>\n<div dir=\"auto\">Az di Copa \u2013 1994<\/div>\n<\/div>\n","protected":false},"excerpt":{"rendered":"<p>O Centro Cultural Franco Bissau Guineense recebe um concerto de M\u00e1rio Babr\u00e9m na quarta-feira, 22 de Mar\u00e7o, \u00e0s 21h. Os bilhetes est\u00e3o \u00e0 venda na Mediateca do CCFBG no valor&hellip;<\/p>\n","protected":false},"author":1,"featured_media":589,"comment_status":"open","ping_status":"closed","template":"","meta":{"_tribe_events_status":"","_tribe_events_status_reason":"","footnotes":""},"tags":[],"tribe_events_cat":[40],"class_list":["post-588","tribe_events","type-tribe_events","status-publish","has-post-thumbnail","hentry","tribe_events_cat-concerto","cat_concerto"],"_links":{"self":[{"href":"https:\/\/www.ccfbg.net\/index.php\/wp-json\/wp\/v2\/tribe_events\/588","targetHints":{"allow":["GET"]}}],"collection":[{"href":"https:\/\/www.ccfbg.net\/index.php\/wp-json\/wp\/v2\/tribe_events"}],"about":[{"href":"https:\/\/www.ccfbg.net\/index.php\/wp-json\/wp\/v2\/types\/tribe_events"}],"author":[{"embeddable":true,"href":"https:\/\/www.ccfbg.net\/index.php\/wp-json\/wp\/v2\/users\/1"}],"replies":[{"embeddable":true,"href":"https:\/\/www.ccfbg.net\/index.php\/wp-json\/wp\/v2\/comments?post=588"}],"version-history":[{"count":1,"href":"https:\/\/www.ccfbg.net\/index.php\/wp-json\/wp\/v2\/tribe_events\/588\/revisions"}],"predecessor-version":[{"id":590,"href":"https:\/\/www.ccfbg.net\/index.php\/wp-json\/wp\/v2\/tribe_events\/588\/revisions\/590"}],"wp:featuredmedia":[{"embeddable":true,"href":"https:\/\/www.ccfbg.net\/index.php\/wp-json\/wp\/v2\/media\/589"}],"wp:attachment":[{"href":"https:\/\/www.ccfbg.net\/index.php\/wp-json\/wp\/v2\/media?parent=588"}],"wp:term":[{"taxonomy":"post_tag","embeddable":true,"href":"https:\/\/www.ccfbg.net\/index.php\/wp-json\/wp\/v2\/tags?post=588"},{"taxonomy":"tribe_events_cat","embeddable":true,"href":"https:\/\/www.ccfbg.net\/index.php\/wp-json\/wp\/v2\/tribe_events_cat?post=588"}],"curies":[{"name":"wp","href":"https:\/\/api.w.org\/{rel}","templated":true}]}}

Concerto de Mário Babrém na quarta-feira, 22 de Março, às 21h

<div class="x11i5rnm xat24cr x1mh8g0r x1vvkbs xdj266r x126k92a">
<div dir="auto">O Centro Cultural Franco Bissau Guineense recebe um concerto de Mário Babrém na quarta-feira, 22 de Março, às 21h. Os bilhetes estão à venda na Mediateca do CCFBG no valor de 5000 XOF.</div>
<div dir="auto">&#8212;</div>
<div dir="auto">Mário Babrém é natural da capital guineense, Bissau, cidade onde passou a sua infância e juventude, efectuando aí também o ensino primário e secundário. Foi igualmente em Bissau que deu os primeiros passos na direcção daquilo que viria a ser a sua paixão de vida, ou seja, a música. Recorda que esta arte sempre esteve presente na sua vida, lembra-se que em tenra idade, de tanto ouvir música, aventurava-se depois na reprodução do que ouvia, imitando assim grandes nomes como Sidónio Pais, Justino Delgado, José Carlos Schwarz entre outros. Essa paixão e dedicação começaram a ganhar forma e orientação quando entrou para a escola de música José Carlos Shwartz, onde aprenderia os princípios básicos do canto e a articulação com os sons e os instrumentos musicais. Depois seguiu-se o convite para integrar o grupo “Mini África Livre”, uma espécie de juniores desta grande banda, como vocalista.</div>
<div dir="auto">Quer através de canções da sua autoria ou de outros, a sua voz melódica e romantica foi aos poucos encantando os ouvidos e conquistando o coração dos guineenses, antes de se deslocar para Portugal no início da década de 90. Em 1994, pouco tempo depois da chegada a Europa, consegue finalmente, gravar a sua primeira obra discográfica, intitulada “Az di Copa”, confirmando assim todo o talento já demonstrado.</div>
<div dir="auto">Actualmente, encontra-se radicado na diáspora há mais de três décadas, tendo já actuado nos mais diversos palcos pela Europa e África, onde trabalhou com os grandes nomes da música nacional e internacional.</div>
<div dir="auto">Mário Babrém é, indubitavelmente, uma das vozes mais sonantes do panorama musical nacional e com temas de grande sucesso e que são marcos nas memórias de muitos guineenses.</div>
</div>
<div class="x11i5rnm xat24cr x1mh8g0r x1vvkbs xtlvy1s x126k92a">
<div dir="auto">Em termos de álbuns, conta já com cinco no mercado, tendo ainda outros trabalhos em carteira para lançar em breve.</div>
</div>
<div class="x11i5rnm xat24cr x1mh8g0r x1vvkbs xtlvy1s x126k92a">
<div dir="auto">Tempo Destino – 2020</div>
<div dir="auto">Planeta – 2011</div>
<div dir="auto">Tudo Assim &#8211; 2004</div>
<div dir="auto">Yama Mané – 1998</div>
<div dir="auto">Az di Copa – 1994</div>
</div>

<p>O Centro Cultural Franco Bissau Guineense recebe um concerto de Mário Babrém na quarta-feira, 22 de Março, às 21h. Os bilhetes estão à venda na Mediateca do CCFBG no valor&hellip;</p>
