{"id":585,"date":"2023-03-14T18:37:16","date_gmt":"2023-03-14T18:37:16","guid":{"rendered":"https:\/\/www.ccfbg.net\/?post_type=tribe_events&#038;p=585"},"modified":"2023-03-14T18:37:16","modified_gmt":"2023-03-14T18:37:16","slug":"sessao-de-cinema-nha-fala-de-flora-gomes-sabado-18-de-marco-as-17h30","status":"publish","type":"tribe_events","link":"https:\/\/www.ccfbg.net\/index.php\/eventos\/sessao-de-cinema-nha-fala-de-flora-gomes-sabado-18-de-marco-as-17h30\/","title":{"rendered":"Sess\u00e3o de cinema: &#8220;Nha fala&#8221; de Flora Gom\u00eas \/ s\u00e1bado 18 de Mar\u00e7o \u00e0s 17h30"},"content":{"rendered":"\r\n\r\nNo \u00e2mbito das celebra\u00e7\u00f5es do Dia Internacional da Francofonia, o Centro Cultural Franco-Bissau-Guineense e o Instituto Nacional da Francofonia est\u00e3o a organizar uma proje\u00e7\u00e3o do filme de Flora Gomes &#8220;Nha Fala&#8221; no s\u00e1bado 18 de Mar\u00e7o \u00e0s 17.30 horas. Entrada gratuita. Venha e partilhe com os seus amigos\r\n\r\n \r\n\r\nSinopse: Em Cabo Verde, todos os eventos que marcam a vida social s\u00e3o feitos em can\u00e7\u00f5es. Mas a jovem Vita n\u00e3o pode cantar porque na sua fam\u00edlia, uma lenda ancestral promete a morte a qualquer um que tente. Antes de partir para Fran\u00e7a para continuar os seus estudos, Vita repete o seu juramento diante da sua m\u00e3e. Ela jura que nunca uma \u00fanica melodia lhe escapar\u00e1 dos l\u00e1bios. Durante a sua estadia em Paris, Vita conhece Pierre, um m\u00fasico por quem se apaixona. Levada pela sua alegria, ela deixa-se cantarolar e Pierre descobre a beleza da sua voz. Ele convence-a a fazer um disco, que rapidamente se torna um grande sucesso. Mas Vita est\u00e1 aterrorizada por ter desafiado a maldi\u00e7\u00e3o. Ela decide voltar para casa para confessar tudo \u00e0 sua m\u00e3e e enfrentar a tradi\u00e7\u00e3o. Com a ajuda de Peter, Vita faz o seu pr\u00f3prio funeral e ressurrei\u00e7\u00e3o numa festa pr\u00f3diga. Ela quer mostrar \u00e0 sua fam\u00edlia, aos seus amigos e ao seu povo que tudo \u00e9 poss\u00edvel quando se tem a coragem de ousar.\r\n\r\n \r\n\r\n&nbsp;\r\n\r\n","protected":false},"excerpt":{"rendered":"<p>No \u00e2mbito das celebra\u00e7\u00f5es do Dia Internacional da Francofonia, o Centro Cultural Franco-Bissau-Guineense e o Instituto Nacional da Francofonia est\u00e3o a organizar uma proje\u00e7\u00e3o do filme de Flora Gomes &#8220;Nha&hellip;<\/p>\n","protected":false},"author":1,"featured_media":571,"comment_status":"open","ping_status":"closed","template":"","meta":{"_tribe_events_status":"","_tribe_events_status_reason":"","footnotes":""},"tags":[],"tribe_events_cat":[12],"class_list":["post-585","tribe_events","type-tribe_events","status-publish","has-post-thumbnail","hentry","tribe_events_cat-cinema","cat_cinema"],"_links":{"self":[{"href":"https:\/\/www.ccfbg.net\/index.php\/wp-json\/wp\/v2\/tribe_events\/585","targetHints":{"allow":["GET"]}}],"collection":[{"href":"https:\/\/www.ccfbg.net\/index.php\/wp-json\/wp\/v2\/tribe_events"}],"about":[{"href":"https:\/\/www.ccfbg.net\/index.php\/wp-json\/wp\/v2\/types\/tribe_events"}],"author":[{"embeddable":true,"href":"https:\/\/www.ccfbg.net\/index.php\/wp-json\/wp\/v2\/users\/1"}],"replies":[{"embeddable":true,"href":"https:\/\/www.ccfbg.net\/index.php\/wp-json\/wp\/v2\/comments?post=585"}],"version-history":[{"count":1,"href":"https:\/\/www.ccfbg.net\/index.php\/wp-json\/wp\/v2\/tribe_events\/585\/revisions"}],"predecessor-version":[{"id":587,"href":"https:\/\/www.ccfbg.net\/index.php\/wp-json\/wp\/v2\/tribe_events\/585\/revisions\/587"}],"wp:featuredmedia":[{"embeddable":true,"href":"https:\/\/www.ccfbg.net\/index.php\/wp-json\/wp\/v2\/media\/571"}],"wp:attachment":[{"href":"https:\/\/www.ccfbg.net\/index.php\/wp-json\/wp\/v2\/media?parent=585"}],"wp:term":[{"taxonomy":"post_tag","embeddable":true,"href":"https:\/\/www.ccfbg.net\/index.php\/wp-json\/wp\/v2\/tags?post=585"},{"taxonomy":"tribe_events_cat","embeddable":true,"href":"https:\/\/www.ccfbg.net\/index.php\/wp-json\/wp\/v2\/tribe_events_cat?post=585"}],"curies":[{"name":"wp","href":"https:\/\/api.w.org\/{rel}","templated":true}]}}

Sessão de cinema: &#8220;Nha fala&#8221; de Flora Gomês / sábado 18 de Março às 17h30

No âmbito das celebrações do Dia Internacional da Francofonia, o Centro Cultural Franco-Bissau-Guineense e o Instituto Nacional da Francofonia estão a organizar uma projeção do filme de Flora Gomes &#8220;Nha Fala&#8221; no sábado 18 de Março às 17.30 horas. Entrada gratuita. Venha e partilhe com os seus amigos

 

Sinopse: Em Cabo Verde, todos os eventos que marcam a vida social são feitos em canções. Mas a jovem Vita não pode cantar porque na sua família, uma lenda ancestral promete a morte a qualquer um que tente. Antes de partir para França para continuar os seus estudos, Vita repete o seu juramento diante da sua mãe. Ela jura que nunca uma única melodia lhe escapará dos lábios. Durante a sua estadia em Paris, Vita conhece Pierre, um músico por quem se apaixona. Levada pela sua alegria, ela deixa-se cantarolar e Pierre descobre a beleza da sua voz. Ele convence-a a fazer um disco, que rapidamente se torna um grande sucesso. Mas Vita está aterrorizada por ter desafiado a maldição. Ela decide voltar para casa para confessar tudo à sua mãe e enfrentar a tradição. Com a ajuda de Peter, Vita faz o seu próprio funeral e ressurreição numa festa pródiga. Ela quer mostrar à sua família, aos seus amigos e ao seu povo que tudo é possível quando se tem a coragem de ousar.

 

&nbsp;

<p>No âmbito das celebrações do Dia Internacional da Francofonia, o Centro Cultural Franco-Bissau-Guineense e o Instituto Nacional da Francofonia estão a organizar uma projeção do filme de Flora Gomes &#8220;Nha&hellip;</p>
