{"id":404,"date":"2022-12-08T18:59:30","date_gmt":"2022-12-08T18:59:30","guid":{"rendered":"https:\/\/www.ccfbg.net\/?post_type=tribe_events&#038;p=404"},"modified":"2022-12-08T18:59:30","modified_gmt":"2022-12-08T18:59:30","slug":"feira-de-natal","status":"publish","type":"tribe_events","link":"https:\/\/www.ccfbg.net\/index.php\/eventos\/feira-de-natal\/","title":{"rendered":"Feira de Natal"},"content":{"rendered":"<p>Na sexta-feira 16 e no s\u00e1bado 17 de dezembro, das 9h \u00e0s 19h, o Centro Cultural Franco-Bissau-Guineense receber\u00e1 uma feira de Natal agroecol\u00f3gica e artesanal. O evento \u00e9 o resultado duma iniciativa coletiva (Ianda Guin\u00e9! Hortas, CCFBG, Swissaid, Engim, AIFO, COPE, C\u00e2mara de Com\u00e9rcio de Bissau e Nha Guineendade). O objetivo \u00e9 promover os produtores guineenses e oferecer produtos de qualidade, valorizando notadamente a fileira agroecol\u00f3gica e o artesanato.<br \/>\nAs lojas\/estandes estar\u00e3o localizadas em frente e no p\u00e1tio do Centro Cultural Franco-Bissau-Guineense. O visitantes poder\u00e3o encontrar produtos frescos (frutas, legumes e temperos) produtos aliment\u00edcios transformados (como por exemplo geleias, sumos, bolachas, doces e rebu\u00e7ados) e tamb\u00e9m objetos decorativos, roupas e acess\u00f3rios.<br \/>\nNestes dois dias, o CCFBG tamb\u00e9m receber\u00e1 uma s\u00e9rie de atividades educativas e culturais: oficinas e jogos para descobrir a agroecologia, espet\u00e1culo de dan\u00e7a em alus\u00e3o ao anivers\u00e1rio do Ballet Nacional, concerto especial de Natal do Tino Trimo. Venha!<\/p>\n<p>Sexta-feira 16 de Dezembro:<br \/>\n9h: come\u00e7o da Feira<br \/>\n11h: abertura oficial da Feira<br \/>\n19h30: espet\u00e1culo in\u00e9dito do Ballet Nacional em alus\u00e3o ao seu 47\u00b0 Anivers\u00e1rio<\/p>\n<p>S\u00e1bado 17 de Dezembro:<br \/>\n9h: come\u00e7o da Feira<br \/>\n10h &gt; 12h: atividades para descobrir a agroecologia : proje\u00e7\u00e3o de filmes, jogos para crian\u00e7as, exposi\u00e7\u00e3o de quadros<\/p>\n<p>21h &gt; concerto de Natal de Tino Trimo<\/p>\n","protected":false},"excerpt":{"rendered":"<p>Na sexta-feira 16 e no s\u00e1bado 17 de dezembro, das 9h \u00e0s 19h, o Centro Cultural Franco-Bissau-Guineense receber\u00e1 uma feira de Natal agroecol\u00f3gica e artesanal. O evento \u00e9 o resultado&hellip;<\/p>\n","protected":false},"author":1,"featured_media":401,"comment_status":"open","ping_status":"closed","template":"","meta":{"_tribe_events_status":"","_tribe_events_status_reason":"","footnotes":""},"tags":[],"tribe_events_cat":[42],"class_list":["post-404","tribe_events","type-tribe_events","status-publish","has-post-thumbnail","hentry","tribe_events_cat-feira","cat_feira"],"_links":{"self":[{"href":"https:\/\/www.ccfbg.net\/index.php\/wp-json\/wp\/v2\/tribe_events\/404","targetHints":{"allow":["GET"]}}],"collection":[{"href":"https:\/\/www.ccfbg.net\/index.php\/wp-json\/wp\/v2\/tribe_events"}],"about":[{"href":"https:\/\/www.ccfbg.net\/index.php\/wp-json\/wp\/v2\/types\/tribe_events"}],"author":[{"embeddable":true,"href":"https:\/\/www.ccfbg.net\/index.php\/wp-json\/wp\/v2\/users\/1"}],"replies":[{"embeddable":true,"href":"https:\/\/www.ccfbg.net\/index.php\/wp-json\/wp\/v2\/comments?post=404"}],"version-history":[{"count":1,"href":"https:\/\/www.ccfbg.net\/index.php\/wp-json\/wp\/v2\/tribe_events\/404\/revisions"}],"predecessor-version":[{"id":405,"href":"https:\/\/www.ccfbg.net\/index.php\/wp-json\/wp\/v2\/tribe_events\/404\/revisions\/405"}],"wp:featuredmedia":[{"embeddable":true,"href":"https:\/\/www.ccfbg.net\/index.php\/wp-json\/wp\/v2\/media\/401"}],"wp:attachment":[{"href":"https:\/\/www.ccfbg.net\/index.php\/wp-json\/wp\/v2\/media?parent=404"}],"wp:term":[{"taxonomy":"post_tag","embeddable":true,"href":"https:\/\/www.ccfbg.net\/index.php\/wp-json\/wp\/v2\/tags?post=404"},{"taxonomy":"tribe_events_cat","embeddable":true,"href":"https:\/\/www.ccfbg.net\/index.php\/wp-json\/wp\/v2\/tribe_events_cat?post=404"}],"curies":[{"name":"wp","href":"https:\/\/api.w.org\/{rel}","templated":true}]}}

<p>Na sexta-feira 16 e no sábado 17 de dezembro, das 9h às 19h, o Centro Cultural Franco-Bissau-Guineense receberá uma feira de Natal agroecológica e artesanal. O evento é o resultado duma iniciativa coletiva (Ianda Guiné! Hortas, CCFBG, Swissaid, Engim, AIFO, COPE, Câmara de Comércio de Bissau e Nha Guineendade). O objetivo é promover os produtores guineenses e oferecer produtos de qualidade, valorizando notadamente a fileira agroecológica e o artesanato.<br />
As lojas/estandes estarão localizadas em frente e no pátio do Centro Cultural Franco-Bissau-Guineense. O visitantes poderão encontrar produtos frescos (frutas, legumes e temperos) produtos alimentícios transformados (como por exemplo geleias, sumos, bolachas, doces e rebuçados) e também objetos decorativos, roupas e acessórios.<br />
Nestes dois dias, o CCFBG também receberá uma série de atividades educativas e culturais: oficinas e jogos para descobrir a agroecologia, espetáculo de dança em alusão ao aniversário do Ballet Nacional, concerto especial de Natal do Tino Trimo. Venha!</p>
<p>Sexta-feira 16 de Dezembro:<br />
9h: começo da Feira<br />
11h: abertura oficial da Feira<br />
19h30: espetáculo inédito do Ballet Nacional em alusão ao seu 47° Aniversário</p>
<p>Sábado 17 de Dezembro:<br />
9h: começo da Feira<br />
10h &gt; 12h: atividades para descobrir a agroecologia : projeção de filmes, jogos para crianças, exposição de quadros</p>
<p>21h &gt; concerto de Natal de Tino Trimo</p>

<p>Na sexta-feira 16 e no sábado 17 de dezembro, das 9h às 19h, o Centro Cultural Franco-Bissau-Guineense receberá uma feira de Natal agroecológica e artesanal. O evento é o resultado&hellip;</p>
