{"id":2483,"date":"2026-03-04T15:19:13","date_gmt":"2026-03-04T15:19:13","guid":{"rendered":"https:\/\/www.ccfbg.net\/?post_type=tribe_events&#038;p=2483"},"modified":"2026-03-04T15:19:13","modified_gmt":"2026-03-04T15:19:13","slug":"manga-dterra-realizado-por-basil-da-cunha-suica-portugal-2023","status":"publish","type":"tribe_events","link":"https:\/\/www.ccfbg.net\/index.php\/eventos\/manga-dterra-realizado-por-basil-da-cunha-suica-portugal-2023\/","title":{"rendered":"Manga D\u2019Terra, realizado por Basil Da Cunha (Su\u00ed\u00e7a \/ Portugal, 2023)"},"content":{"rendered":"<table width=\"100%\" cellpadding=\"0\">\n<tbody>\n<tr>\n<td class=\"x_mailpoet_paragraph\"><strong>No \u00e2mbito da celebra\u00e7\u00e3o do Dia Internacional dos Direitos das Mulheres, convidamos-vos a descobrir um filme intenso e profundamente comovente, que celebra a for\u00e7a, a dignidade e a resist\u00eancia feminina.<\/strong><\/td>\n<\/tr>\n<\/tbody>\n<\/table>\n<table width=\"100%\" cellpadding=\"0\">\n<tbody>\n<tr>\n<td class=\"x_mailpoet_paragraph\">Nos Jeudis Cinema, o Centro Cultural Franco-Bissau-Guineense apresenta\u00a0<em>Manga D\u2019Terra<\/em>, realizado por Basil Da Cunha (Su\u00ed\u00e7a \/ Portugal, 2023), com a dura\u00e7\u00e3o de 96 minutos.<\/td>\n<\/tr>\n<\/tbody>\n<\/table>\n<table width=\"100%\" cellpadding=\"0\">\n<tbody>\n<tr>\n<td class=\"x_mailpoet_paragraph\">\ud83d\udcc5 Quinta-feira, 5 de mar\u00e7o de 2026<br \/>\n\ud83d\udd56 19h00<br \/>\n\ud83d\udccd Centro Cultural Franco-Bissau-Guineense<\/td>\n<\/tr>\n<\/tbody>\n<\/table>\n<table width=\"100%\" cellpadding=\"0\">\n<tbody>\n<tr>\n<td class=\"x_mailpoet_paragraph\">Filme apresentado em parceria com a Embaixada de Cabo Verde na Guin\u00e9-Bissau.<\/td>\n<\/tr>\n<\/tbody>\n<\/table>\n<table width=\"100%\" cellpadding=\"0\">\n<tbody>\n<tr>\n<td class=\"x_mailpoet_paragraph\">O filme \u00e9 apresentado em crioulo cabo-verdiano, com legendas em portugu\u00eas. A hist\u00f3ria acompanha Rosa, uma jovem de 20 anos que deixa Cabo Verde para se instalar na periferia de Lisboa, em busca de um futuro melhor. Confrontada com a precariedade, a viol\u00eancia e as dificuldades da vida quotidiana, Rosa encontra na m\u00fasica uma forma de resist\u00eancia, de afirma\u00e7\u00e3o e de esperan\u00e7a. Entre realismo social e dimens\u00e3o musical, o filme tra\u00e7a o retrato vibrante de uma jovem mulher que luta para construir o seu pr\u00f3prio caminho.<\/td>\n<\/tr>\n<\/tbody>\n<\/table>\n<table width=\"100%\" cellpadding=\"0\">\n<tbody>\n<tr>\n<td class=\"x_mailpoet_paragraph\">Uma obra forte e atual, particularmente significativa neste momento de reflex\u00e3o sobre os direitos das mulheres.<\/td>\n<\/tr>\n<\/tbody>\n<\/table>\n<table width=\"100%\" cellpadding=\"0\">\n<tbody>\n<tr>\n<td class=\"x_mailpoet_paragraph\">Trailer:\u00a0<a class=\"x_decorated-link\" href=\"https:\/\/www.ccfbg.net\/?mailpoet_router&amp;endpoint=track&amp;action=click&amp;data=WyIxIiwiNWQ5ZTcwIiwiMTcyIiwiM2Y3MDVlNDk4OTFlIixmYWxzZV0\" target=\"_blank\" rel=\"noopener noreferrer\">https:\/\/www.youtube.com\/watch?v=RSop-VBqHuc<\/a><br \/>\nReportagem sobre o filme:\u00a0<a class=\"x_decorated-link\" href=\"https:\/\/www.ccfbg.net\/?mailpoet_router&amp;endpoint=track&amp;action=click&amp;data=WyIxIiwiNWQ5ZTcwIiwiMTcyIiwiZjVhY2UzMzU3Yjg2IixmYWxzZV0\" target=\"_blank\" rel=\"noopener noreferrer\">https:\/\/www.youtube.com\/watch?v=RvvOvRRNlVM<\/a><\/td>\n<\/tr>\n<\/tbody>\n<\/table>\n<table width=\"100%\" cellpadding=\"0\">\n<tbody>\n<tr>\n<td class=\"x_mailpoet_paragraph\">Contamos com a vossa presen\u00e7a para esta sess\u00e3o especial.<\/td>\n<\/tr>\n<\/tbody>\n<\/table>\n<p>&nbsp;<\/p>\n<table width=\"100%\" cellpadding=\"0\">\n<tbody>\n<tr>\n<td class=\"x_mailpoet_paragraph\"><strong>\u00c0 l\u2019occasion de la Journ\u00e9e internationale des droits des femmes, nous vous invitons \u00e0 d\u00e9couvrir un film intense et profond\u00e9ment \u00e9mouvant, qui met \u00e0 l\u2019honneur la force et la r\u00e9silience f\u00e9minines.<\/strong><\/td>\n<\/tr>\n<\/tbody>\n<\/table>\n<table width=\"100%\" cellpadding=\"0\">\n<tbody>\n<tr>\n<td class=\"x_mailpoet_paragraph\"><\/td>\n<\/tr>\n<\/tbody>\n<\/table>\n<table width=\"100%\" cellpadding=\"0\">\n<tbody>\n<tr>\n<td class=\"x_mailpoet_paragraph\">Dans le cadre des Jeudis Cin\u00e9ma, le Centre culturel franco-bissau-guin\u00e9en vous propose\u00a0<em>Manga D\u2019Terra<\/em>, r\u00e9alis\u00e9 par Basil Da Cunha (Suisse \/ Portugal, 2023), d\u2019une dur\u00e9e de 96 minutes.<\/td>\n<\/tr>\n<\/tbody>\n<\/table>\n<table width=\"100%\" cellpadding=\"0\">\n<tbody>\n<tr>\n<td class=\"x_mailpoet_paragraph\">\ud83d\udcc5 Jeudi 5 mars 2026<br \/>\n\ud83d\udd56 19h00<br \/>\n\ud83d\udccd Centre culturel franco-bissau-guin\u00e9en<\/td>\n<\/tr>\n<\/tbody>\n<\/table>\n<table width=\"100%\" cellpadding=\"0\">\n<tbody>\n<tr>\n<td class=\"x_mailpoet_paragraph\">Film pr\u00e9sent\u00e9 en partenariat avec l\u2019Ambassade du Cap-Vert en Guin\u00e9e-Bissau.<\/td>\n<\/tr>\n<\/tbody>\n<\/table>\n<table width=\"100%\" cellpadding=\"0\">\n<tbody>\n<tr>\n<td class=\"x_mailpoet_paragraph\">Le film est pr\u00e9sent\u00e9 en cr\u00e9ole capverdien, avec sous-titres en portugais. Il suit le parcours de Rosa, une jeune femme de 20 ans qui quitte le Cap-Vert pour s\u2019installer dans la p\u00e9riph\u00e9rie de Lisbonne \u00e0 la recherche d\u2019une vie meilleure. Confront\u00e9e \u00e0 la pr\u00e9carit\u00e9, aux tensions sociales et aux violences du quotidien, elle trouve dans la musique une forme de r\u00e9sistance et d\u2019affirmation. Entre r\u00e9alisme social et souffle musical, le film dresse le portrait vibrant d\u2019une femme qui refuse de renoncer \u00e0 ses r\u00eaves.<\/td>\n<\/tr>\n<\/tbody>\n<\/table>\n<table width=\"100%\" cellpadding=\"0\">\n<tbody>\n<tr>\n<td class=\"x_mailpoet_paragraph\">Une \u0153uvre forte et actuelle, particuli\u00e8rement significative dans le contexte de la Journ\u00e9e internationale des droits des femmes.<\/td>\n<\/tr>\n<\/tbody>\n<\/table>\n<table width=\"100%\" cellpadding=\"0\">\n<tbody>\n<tr>\n<td class=\"x_mailpoet_paragraph\">Bande-annonce :\u00a0<a class=\"x_decorated-link\" href=\"https:\/\/www.ccfbg.net\/?mailpoet_router&amp;endpoint=track&amp;action=click&amp;data=WyIxIiwiNWQ5ZTcwIiwiMTcyIiwiM2Y3MDVlNDk4OTFlIixmYWxzZV0\" target=\"_blank\" rel=\"noopener noreferrer\">https:\/\/www.youtube.com\/watch?v=RSop-VBqHuc<\/a><br \/>\nReportage sur le film :\u00a0<a class=\"x_decorated-link\" href=\"https:\/\/www.ccfbg.net\/?mailpoet_router&amp;endpoint=track&amp;action=click&amp;data=WyIxIiwiNWQ5ZTcwIiwiMTcyIiwiZjVhY2UzMzU3Yjg2IixmYWxzZV0\" target=\"_blank\" rel=\"noopener noreferrer\">https:\/\/www.youtube.com\/watch?v=RvvOvRRNlVM<\/a><\/td>\n<\/tr>\n<\/tbody>\n<\/table>\n<table width=\"100%\" cellpadding=\"0\">\n<tbody>\n<tr>\n<td class=\"x_mailpoet_paragraph\">Nous vous attendons nombreux pour cette s\u00e9ance sp\u00e9ciale.<\/td>\n<\/tr>\n<\/tbody>\n<\/table>\n","protected":false},"excerpt":{"rendered":"<p>No \u00e2mbito da celebra\u00e7\u00e3o do Dia Internacional dos Direitos das Mulheres, convidamos-vos a descobrir um filme intenso e profundamente comovente, que celebra a for\u00e7a, a dignidade e a resist\u00eancia feminina.&hellip;<\/p>\n","protected":false},"author":1,"featured_media":2478,"comment_status":"closed","ping_status":"closed","template":"","meta":{"_tribe_events_status":"","_tribe_events_status_reason":"","footnotes":""},"tags":[],"tribe_events_cat":[12],"class_list":["post-2483","tribe_events","type-tribe_events","status-publish","has-post-thumbnail","hentry","tribe_events_cat-cinema","cat_cinema"],"_links":{"self":[{"href":"https:\/\/www.ccfbg.net\/index.php\/wp-json\/wp\/v2\/tribe_events\/2483","targetHints":{"allow":["GET"]}}],"collection":[{"href":"https:\/\/www.ccfbg.net\/index.php\/wp-json\/wp\/v2\/tribe_events"}],"about":[{"href":"https:\/\/www.ccfbg.net\/index.php\/wp-json\/wp\/v2\/types\/tribe_events"}],"author":[{"embeddable":true,"href":"https:\/\/www.ccfbg.net\/index.php\/wp-json\/wp\/v2\/users\/1"}],"replies":[{"embeddable":true,"href":"https:\/\/www.ccfbg.net\/index.php\/wp-json\/wp\/v2\/comments?post=2483"}],"version-history":[{"count":1,"href":"https:\/\/www.ccfbg.net\/index.php\/wp-json\/wp\/v2\/tribe_events\/2483\/revisions"}],"predecessor-version":[{"id":2484,"href":"https:\/\/www.ccfbg.net\/index.php\/wp-json\/wp\/v2\/tribe_events\/2483\/revisions\/2484"}],"wp:featuredmedia":[{"embeddable":true,"href":"https:\/\/www.ccfbg.net\/index.php\/wp-json\/wp\/v2\/media\/2478"}],"wp:attachment":[{"href":"https:\/\/www.ccfbg.net\/index.php\/wp-json\/wp\/v2\/media?parent=2483"}],"wp:term":[{"taxonomy":"post_tag","embeddable":true,"href":"https:\/\/www.ccfbg.net\/index.php\/wp-json\/wp\/v2\/tags?post=2483"},{"taxonomy":"tribe_events_cat","embeddable":true,"href":"https:\/\/www.ccfbg.net\/index.php\/wp-json\/wp\/v2\/tribe_events_cat?post=2483"}],"curies":[{"name":"wp","href":"https:\/\/api.w.org\/{rel}","templated":true}]}}

Manga D’Terra, realizado por Basil Da Cunha (Suíça / Portugal, 2023)

<table width="100%" cellpadding="0">
<tbody>
<tr>
<td class="x_mailpoet_paragraph"><strong>No âmbito da celebração do Dia Internacional dos Direitos das Mulheres, convidamos-vos a descobrir um filme intenso e profundamente comovente, que celebra a força, a dignidade e a resistência feminina.</strong></td>
</tr>
</tbody>
</table>
<table width="100%" cellpadding="0">
<tbody>
<tr>
<td class="x_mailpoet_paragraph">Nos Jeudis Cinema, o Centro Cultural Franco-Bissau-Guineense apresenta <em>Manga D’Terra</em>, realizado por Basil Da Cunha (Suíça / Portugal, 2023), com a duração de 96 minutos.</td>
</tr>
</tbody>
</table>
<table width="100%" cellpadding="0">
<tbody>
<tr>
<td class="x_mailpoet_paragraph">📅 Quinta-feira, 5 de março de 2026<br />
🕖 19h00<br />
📍 Centro Cultural Franco-Bissau-Guineense</td>
</tr>
</tbody>
</table>
<table width="100%" cellpadding="0">
<tbody>
<tr>
<td class="x_mailpoet_paragraph">Filme apresentado em parceria com a Embaixada de Cabo Verde na Guiné-Bissau.</td>
</tr>
</tbody>
</table>
<table width="100%" cellpadding="0">
<tbody>
<tr>
<td class="x_mailpoet_paragraph">O filme é apresentado em crioulo cabo-verdiano, com legendas em português. A história acompanha Rosa, uma jovem de 20 anos que deixa Cabo Verde para se instalar na periferia de Lisboa, em busca de um futuro melhor. Confrontada com a precariedade, a violência e as dificuldades da vida quotidiana, Rosa encontra na música uma forma de resistência, de afirmação e de esperança. Entre realismo social e dimensão musical, o filme traça o retrato vibrante de uma jovem mulher que luta para construir o seu próprio caminho.</td>
</tr>
</tbody>
</table>
<table width="100%" cellpadding="0">
<tbody>
<tr>
<td class="x_mailpoet_paragraph">Uma obra forte e atual, particularmente significativa neste momento de reflexão sobre os direitos das mulheres.</td>
</tr>
</tbody>
</table>
<table width="100%" cellpadding="0">
<tbody>
<tr>
<td class="x_mailpoet_paragraph">Trailer: <a class="x_decorated-link" href="https://www.ccfbg.net/?mailpoet_router&amp;endpoint=track&amp;action=click&amp;data=WyIxIiwiNWQ5ZTcwIiwiMTcyIiwiM2Y3MDVlNDk4OTFlIixmYWxzZV0" target="_blank" rel="noopener noreferrer">https://www.youtube.com/watch?v=RSop-VBqHuc</a><br />
Reportagem sobre o filme: <a class="x_decorated-link" href="https://www.ccfbg.net/?mailpoet_router&amp;endpoint=track&amp;action=click&amp;data=WyIxIiwiNWQ5ZTcwIiwiMTcyIiwiZjVhY2UzMzU3Yjg2IixmYWxzZV0" target="_blank" rel="noopener noreferrer">https://www.youtube.com/watch?v=RvvOvRRNlVM</a></td>
</tr>
</tbody>
</table>
<table width="100%" cellpadding="0">
<tbody>
<tr>
<td class="x_mailpoet_paragraph">Contamos com a vossa presença para esta sessão especial.</td>
</tr>
</tbody>
</table>
<p>&nbsp;</p>
<table width="100%" cellpadding="0">
<tbody>
<tr>
<td class="x_mailpoet_paragraph"><strong>À l’occasion de la Journée internationale des droits des femmes, nous vous invitons à découvrir un film intense et profondément émouvant, qui met à l’honneur la force et la résilience féminines.</strong></td>
</tr>
</tbody>
</table>
<table width="100%" cellpadding="0">
<tbody>
<tr>
<td class="x_mailpoet_paragraph"></td>
</tr>
</tbody>
</table>
<table width="100%" cellpadding="0">
<tbody>
<tr>
<td class="x_mailpoet_paragraph">Dans le cadre des Jeudis Cinéma, le Centre culturel franco-bissau-guinéen vous propose <em>Manga D’Terra</em>, réalisé par Basil Da Cunha (Suisse / Portugal, 2023), d’une durée de 96 minutes.</td>
</tr>
</tbody>
</table>
<table width="100%" cellpadding="0">
<tbody>
<tr>
<td class="x_mailpoet_paragraph">📅 Jeudi 5 mars 2026<br />
🕖 19h00<br />
📍 Centre culturel franco-bissau-guinéen</td>
</tr>
</tbody>
</table>
<table width="100%" cellpadding="0">
<tbody>
<tr>
<td class="x_mailpoet_paragraph">Film présenté en partenariat avec l’Ambassade du Cap-Vert en Guinée-Bissau.</td>
</tr>
</tbody>
</table>
<table width="100%" cellpadding="0">
<tbody>
<tr>
<td class="x_mailpoet_paragraph">Le film est présenté en créole capverdien, avec sous-titres en portugais. Il suit le parcours de Rosa, une jeune femme de 20 ans qui quitte le Cap-Vert pour s’installer dans la périphérie de Lisbonne à la recherche d’une vie meilleure. Confrontée à la précarité, aux tensions sociales et aux violences du quotidien, elle trouve dans la musique une forme de résistance et d’affirmation. Entre réalisme social et souffle musical, le film dresse le portrait vibrant d’une femme qui refuse de renoncer à ses rêves.</td>
</tr>
</tbody>
</table>
<table width="100%" cellpadding="0">
<tbody>
<tr>
<td class="x_mailpoet_paragraph">Une œuvre forte et actuelle, particulièrement significative dans le contexte de la Journée internationale des droits des femmes.</td>
</tr>
</tbody>
</table>
<table width="100%" cellpadding="0">
<tbody>
<tr>
<td class="x_mailpoet_paragraph">Bande-annonce : <a class="x_decorated-link" href="https://www.ccfbg.net/?mailpoet_router&amp;endpoint=track&amp;action=click&amp;data=WyIxIiwiNWQ5ZTcwIiwiMTcyIiwiM2Y3MDVlNDk4OTFlIixmYWxzZV0" target="_blank" rel="noopener noreferrer">https://www.youtube.com/watch?v=RSop-VBqHuc</a><br />
Reportage sur le film : <a class="x_decorated-link" href="https://www.ccfbg.net/?mailpoet_router&amp;endpoint=track&amp;action=click&amp;data=WyIxIiwiNWQ5ZTcwIiwiMTcyIiwiZjVhY2UzMzU3Yjg2IixmYWxzZV0" target="_blank" rel="noopener noreferrer">https://www.youtube.com/watch?v=RvvOvRRNlVM</a></td>
</tr>
</tbody>
</table>
<table width="100%" cellpadding="0">
<tbody>
<tr>
<td class="x_mailpoet_paragraph">Nous vous attendons nombreux pour cette séance spéciale.</td>
</tr>
</tbody>
</table>

<p>No âmbito da celebração do Dia Internacional dos Direitos das Mulheres, convidamos-vos a descobrir um filme intenso e profundamente comovente, que celebra a força, a dignidade e a resistência feminina.&hellip;</p>
