{"id":1763,"date":"2025-01-21T15:49:41","date_gmt":"2025-01-21T15:49:41","guid":{"rendered":"https:\/\/www.ccfbg.net\/?post_type=tribe_events&#038;p=1763"},"modified":"2025-01-27T10:05:07","modified_gmt":"2025-01-27T10:05:07","slug":"peca-de-teatro-a-cupidez-do-homem-2","status":"publish","type":"tribe_events","link":"https:\/\/www.ccfbg.net\/index.php\/eventos\/peca-de-teatro-a-cupidez-do-homem-2\/","title":{"rendered":"Pe\u00e7a de teatro &#8220;A Cupidez do Homem 2&#8221;"},"content":{"rendered":"<p>Na quinta-feira, 27 de Mar\u00e7o, \u00e0s 20h, os Atores Associados apresentar\u00e3o no anfiteatro do CCFBG a pe\u00e7a &#8221; A Cupidez do Homem 2&#8243;.<\/p>\n<p>T\u00edtulo da pe\u00e7a<\/p>\n<p><strong>\u00a0A CUPIDEZ DO HOMEM II<br \/>\n<\/strong><br \/>\nEncena\u00e7\u00e3o: <strong>Pap\u00e9 di nha ra\u00e7a<br \/>\n<\/strong>Diretor art\u00edstico<strong> &#8211; Jorge Biagu\u00ea<br \/>\n<\/strong>Cenografia e Figurinos<strong> &#8211; Eus\u00e9bio Incanha<br \/>\n<\/strong>Guarda-roupa<strong> \u2013 Nakalian Quad\u00e9<br \/>\n<\/strong>Desenho de Luz e som: <strong>Karim <\/strong>e<strong> Mussa Camar\u00e1<\/strong><strong><br \/>\n<\/strong>Diretor de Produ\u00e7\u00e3o &#8211; <strong>Albino Djat\u00e1<br \/>\n<\/strong>Produ\u00e7\u00e3o: <strong>Atores Associados (AA)<br \/>\n<\/strong>Apoio a produ\u00e7\u00e3o: <strong>Centro Cultural Franco Bissau Guineense<\/strong><\/p>\n<p>Personagem principal- <strong>Chefe de Posto<br \/>\n<\/strong>Ano de produ\u00e7\u00e3o &#8211; <strong>2025<br \/>\n<\/strong>Bilhetes &#8211; <strong>2000 Fcfa<\/strong><\/p>\n<p><strong><em>A CUPIDEZ DO HOMEM II<\/em><\/strong><\/p>\n<p>Ac\u00e3o decorre na Guin\u00e9 portuguesa, nas d\u00e9cadas de 50 e 60, durante \u00e1 coloniza\u00e7\u00e3o. A hist\u00f3ria concentra-se na figura do renegado, Chefe de posto africano que nunca aceitou. E, tudo se desenrola a volta desta personagem principal, e nesta hist\u00f3ria ele tem tudo: bem armado, protegido, mulherengo, vaidoso e autorit\u00e1rio.<\/p>\n<p>Confrontado com a resist\u00eancia dos nativos acaba por deixar a administra\u00e7\u00e3o colonial e juntar-se aos nacionalistas do PAIGC.<\/p>\n<p><strong><u>\u00a0<\/u><\/strong><\/p>\n<p><strong><u>Equipa art\u00edstica <\/u><\/strong><\/p>\n<ul>\n<li>M\u00e1rio Mendes &#8230;&#8230;&#8230;&#8230;&#8230;&#8230;&#8230;&#8230;. Chefe de Posto<\/li>\n<li>Jorge Quintino Biagu\u00ea&#8230;&#8230;&#8230;&#8230;&#8230;&#8230;&#8230;.. Cipaio I<\/li>\n<li>Mussa Camar\u00e1&#8230;&#8230;&#8230;&#8230;&#8230;&#8230;&#8230;&#8230;&#8230;&#8230;. Cipaio II<\/li>\n<li>Eus\u00e9bio Incanha&#8230;&#8230;&#8230;&#8230;&#8230;&#8230;&#8230; R\u00e9gulo Bokonbolo<\/li>\n<li>&#8230;&#8230;&#8230;&#8230;&#8230;&#8230;&#8230;&#8230;&#8230;&#8230;&#8230;&#8230;. Rapariga I<\/li>\n<li>N\u00e1dia Nanque&#8230;&#8230;&#8230;&#8230;&#8230;&#8230;&#8230;&#8230;&#8230;&#8230;Rapariga II<\/li>\n<li>Nilda Nhau Nangana&#8230;&#8230;&#8230;&#8230;&#8230;&#8230;&#8230;. Rapariga III<\/li>\n<li>Felismina Almeida&#8230;&#8230;&#8230;&#8230;&#8230;&#8230;&#8230;&#8230; Rapariga IV<\/li>\n<li>Albino Djat\u00e1&#8230;&#8230;&#8230;&#8230;&#8230;&#8230;&#8230;&#8230;&#8230;&#8230;. Mil\u00edcia I<\/li>\n<li>Ernesto Nanbera &#8230;&#8230;&#8230;&#8230;&#8230;&#8230;&#8230;&#8230;.. Mil\u00edcia II<\/li>\n<\/ul>\n<p><strong>\u00a0<\/strong><\/p>\n<p>&nbsp;<\/p>\n","protected":false},"excerpt":{"rendered":"<p>Na quinta-feira, 27 de Mar\u00e7o, \u00e0s 20h, os Atores Associados apresentar\u00e3o no anfiteatro do CCFBG a pe\u00e7a &#8221; A Cupidez do Homem 2&#8243;. T\u00edtulo da pe\u00e7a \u00a0A CUPIDEZ DO HOMEM&hellip;<\/p>\n","protected":false},"author":1,"featured_media":1764,"comment_status":"open","ping_status":"closed","template":"","meta":{"_tribe_events_status":"","_tribe_events_status_reason":"","footnotes":""},"tags":[],"tribe_events_cat":[24],"class_list":["post-1763","tribe_events","type-tribe_events","status-publish","has-post-thumbnail","hentry","tribe_events_cat-teatro","cat_teatro"],"_links":{"self":[{"href":"https:\/\/www.ccfbg.net\/index.php\/wp-json\/wp\/v2\/tribe_events\/1763","targetHints":{"allow":["GET"]}}],"collection":[{"href":"https:\/\/www.ccfbg.net\/index.php\/wp-json\/wp\/v2\/tribe_events"}],"about":[{"href":"https:\/\/www.ccfbg.net\/index.php\/wp-json\/wp\/v2\/types\/tribe_events"}],"author":[{"embeddable":true,"href":"https:\/\/www.ccfbg.net\/index.php\/wp-json\/wp\/v2\/users\/1"}],"replies":[{"embeddable":true,"href":"https:\/\/www.ccfbg.net\/index.php\/wp-json\/wp\/v2\/comments?post=1763"}],"version-history":[{"count":2,"href":"https:\/\/www.ccfbg.net\/index.php\/wp-json\/wp\/v2\/tribe_events\/1763\/revisions"}],"predecessor-version":[{"id":1767,"href":"https:\/\/www.ccfbg.net\/index.php\/wp-json\/wp\/v2\/tribe_events\/1763\/revisions\/1767"}],"wp:featuredmedia":[{"embeddable":true,"href":"https:\/\/www.ccfbg.net\/index.php\/wp-json\/wp\/v2\/media\/1764"}],"wp:attachment":[{"href":"https:\/\/www.ccfbg.net\/index.php\/wp-json\/wp\/v2\/media?parent=1763"}],"wp:term":[{"taxonomy":"post_tag","embeddable":true,"href":"https:\/\/www.ccfbg.net\/index.php\/wp-json\/wp\/v2\/tags?post=1763"},{"taxonomy":"tribe_events_cat","embeddable":true,"href":"https:\/\/www.ccfbg.net\/index.php\/wp-json\/wp\/v2\/tribe_events_cat?post=1763"}],"curies":[{"name":"wp","href":"https:\/\/api.w.org\/{rel}","templated":true}]}}

Peça de teatro &#8220;A Cupidez do Homem 2&#8221;

<p>Na quinta-feira, 27 de Março, às 20h, os Atores Associados apresentarão no anfiteatro do CCFBG a peça &#8221; A Cupidez do Homem 2&#8243;.</p>
<p>Título da peça</p>
<p><strong> A CUPIDEZ DO HOMEM II<br />
</strong><br />
Encenação: <strong>Papé di nha raça<br />
</strong>Diretor artístico<strong> &#8211; Jorge Biaguê<br />
</strong>Cenografia e Figurinos<strong> &#8211; Eusébio Incanha<br />
</strong>Guarda-roupa<strong> – Nakalian Quadé<br />
</strong>Desenho de Luz e som: <strong>Karim </strong>e<strong> Mussa Camará</strong><strong><br />
</strong>Diretor de Produção &#8211; <strong>Albino Djatá<br />
</strong>Produção: <strong>Atores Associados (AA)<br />
</strong>Apoio a produção: <strong>Centro Cultural Franco Bissau Guineense</strong></p>
<p>Personagem principal- <strong>Chefe de Posto<br />
</strong>Ano de produção &#8211; <strong>2025<br />
</strong>Bilhetes &#8211; <strong>2000 Fcfa</strong></p>
<p><strong><em>A CUPIDEZ DO HOMEM II</em></strong></p>
<p>Acão decorre na Guiné portuguesa, nas décadas de 50 e 60, durante á colonização. A história concentra-se na figura do renegado, Chefe de posto africano que nunca aceitou. E, tudo se desenrola a volta desta personagem principal, e nesta história ele tem tudo: bem armado, protegido, mulherengo, vaidoso e autoritário.</p>
<p>Confrontado com a resistência dos nativos acaba por deixar a administração colonial e juntar-se aos nacionalistas do PAIGC.</p>
<p><strong><u> </u></strong></p>
<p><strong><u>Equipa artística </u></strong></p>
<ul>
<li>Mário Mendes &#8230;&#8230;&#8230;&#8230;&#8230;&#8230;&#8230;&#8230;. Chefe de Posto</li>
<li>Jorge Quintino Biaguê&#8230;&#8230;&#8230;&#8230;&#8230;&#8230;&#8230;.. Cipaio I</li>
<li>Mussa Camará&#8230;&#8230;&#8230;&#8230;&#8230;&#8230;&#8230;&#8230;&#8230;&#8230;. Cipaio II</li>
<li>Eusébio Incanha&#8230;&#8230;&#8230;&#8230;&#8230;&#8230;&#8230; Régulo Bokonbolo</li>
<li>&#8230;&#8230;&#8230;&#8230;&#8230;&#8230;&#8230;&#8230;&#8230;&#8230;&#8230;&#8230;. Rapariga I</li>
<li>Nádia Nanque&#8230;&#8230;&#8230;&#8230;&#8230;&#8230;&#8230;&#8230;&#8230;&#8230;Rapariga II</li>
<li>Nilda Nhau Nangana&#8230;&#8230;&#8230;&#8230;&#8230;&#8230;&#8230;. Rapariga III</li>
<li>Felismina Almeida&#8230;&#8230;&#8230;&#8230;&#8230;&#8230;&#8230;&#8230; Rapariga IV</li>
<li>Albino Djatá&#8230;&#8230;&#8230;&#8230;&#8230;&#8230;&#8230;&#8230;&#8230;&#8230;. Milícia I</li>
<li>Ernesto Nanbera &#8230;&#8230;&#8230;&#8230;&#8230;&#8230;&#8230;&#8230;.. Milícia II</li>
</ul>
<p><strong> </strong></p>
<p>&nbsp;</p>

<p>Na quinta-feira, 27 de Março, às 20h, os Atores Associados apresentarão no anfiteatro do CCFBG a peça &#8221; A Cupidez do Homem 2&#8243;. Título da peça  A CUPIDEZ DO HOMEM&hellip;</p>
