{"id":1602,"date":"2024-10-22T17:40:05","date_gmt":"2024-10-22T17:40:05","guid":{"rendered":"https:\/\/www.ccfbg.net\/?post_type=tribe_events&#038;p=1602"},"modified":"2024-10-22T18:12:02","modified_gmt":"2024-10-22T18:12:02","slug":"apresentacao-do-documentario-yoon-em-presenca-do-cineasta-pedro-figueiredo-neto-quinta-feira-31-de-outubro-as-19h","status":"publish","type":"tribe_events","link":"https:\/\/www.ccfbg.net\/index.php\/eventos\/apresentacao-do-documentario-yoon-em-presenca-do-cineasta-pedro-figueiredo-neto-quinta-feira-31-de-outubro-as-19h\/","title":{"rendered":"Apresenta\u00e7\u00e3o do document\u00e1rio &#8220;Yoon&#8221;, em presen\u00e7a do cineasta Pedro Figueiredo Neto.  Quinta-feira, 31 de Outubro \u00e0s 19h"},"content":{"rendered":"\r\n<p>Na quinta-feira, 31 de Outubro \u00e0s 19h, ser\u00e1 apresentado no audit\u00f3rio do CCFBG o document\u00e1rio &#8220;Yoon&#8221;, em presen\u00e7a do cineasta Pedro Figueiredo Neto. O filme ser\u00e1 seguido dum djumbai. A atividade \u00e9 gratuita. Confira abaixo mais informa\u00e7\u00f5es sobre o document\u00e1rio e o trailer.<\/p>\r\n\r\n\r\n\r\n<p>Sinopse: Em &#8220;Yoon&#8221; Pedro Figueiredo Neto e Ricardo Falc\u00e3o acompanham uma travessia que o &#8220;routier&#8221; Mbaye Sow faz recorrentemente entre Portugal e o Senegal, para transportar bens, roupas e objectos para diversas fam\u00edlias. Viajando num velho Peugeot 504, percorrem um caminho longo e arriscado, e repleto de encontros e constrangimentos. A palavra &#8220;Yoon&#8221; tem, na l\u00edngua wolof, uma multiplicidade de significados, \u201ccaminho, \u201clei\u201d, \u201cnorma\u201d, \u201creligi\u00e3o\u201d, ou \u201cviagem\u201d, remetendo para um pensamento propriamente existencial implicado nas quest\u00f5es conceptuais e geogr\u00e1ficas das \u201cfronteiras, os fluxos de bens, ideias e pessoas entre a Europa e \u00c1frica\u201d. Texto: Cinemateca Portuguesa<\/p>\r\n\r\n\r\n\r\n<p>Confira o trailer aqui: <a href=\"https:\/\/cinecartaz.publico.pt\/filme\/yoon-410055\">https:\/\/cinecartaz.publico.pt\/filme\/yoon-410055<\/a><\/p>\r\n\r\n\r\n\r\n<p>Pedro Figueiredo Neto<\/p>\r\n\r\n\r\n\r\n<p>(1984) Antrop\u00f3logo, arquiteto e cineasta, \u00e9 atualmente investigador no Instituto de Ci\u00eancias Sociais da Universidade de Lisboa (ICS- ULisboa). Os seus interesses de pesquisa gravitam \u00e0 volta da quest\u00e3o das fronteiras, migra\u00e7\u00f5es, mobilidade, deslocamento for\u00e7ado, viol\u00eancia e extrativismo, sobretudo no contexto africano (Z\u00e2mbia, Angola, Mo\u00e7ambique, Guin\u00e9-Bissau). O seu trabalho de investiga\u00e7\u00e3o conta com publica\u00e7\u00f5es em revistas internacionais de refer\u00eancia, e a sua obra audiovisual tem sido apresentada em v\u00e1rios festivais de cinema e eventos cient\u00edficos.<\/p>\r\n\r\n\r\n\r\n<p><strong>Filmografia seleccionada<\/strong> YOON (2021) Abissal (2021) Withering Refuge (2020) Curupira (2016) Bulwark (2016) Sant\u2019Ana Bikers (2013) Siz\u00edgia (2012)<\/p>\r\n\r\n\r\n\r\n<p>Ricardo Falc\u00e3o<\/p>\r\n\r\n\r\n\r\n<p>(1980) Foi pela primeira vez ao Senegal em 2007 e tem, desde ent\u00e3o, desenvolvido a sua rela\u00e7\u00e3o com este pa\u00eds atrav\u00e9s de diversos trabalhos acad\u00e9micos e documentais e, sobretudo, de uma longa etnografia. Tem forma\u00e7\u00e3o em Antropologia e \u00e9 doutorado em Estudos Africanos. Atualmente, \u00e9 investigador do CEI-Iscte, enquanto que o seu trabalho acad\u00e9mico se dedica \u00e0s quest\u00f5es de viol\u00eancia de g\u00e9nero, direitos sexuais e reprodutivos e aos conflitos geracionais e valores sociais, em particular nos contextos da \u00c1frica Ocidental. Dedica-se, desde 2005, \u00e0 fotografia e, em 2009, realizou Walo Walo, rodado em torno do Lac de Guiers, na regi\u00e3o do Norte do Senegal.<\/p>\r\n\r\n\r\n\r\n<p><strong>Filmografia<\/strong> YOON (2021) Waalo Waalo (2009)<\/p>\r\n\r\n\r\n\r\n<p>Ficha T\u00e9cnica<\/p>\r\n\r\n\r\n\r\n<p>Pedro Figueiredo Neto e Ricardo Falc\u00e3o, 2021, Portugal, document\u00e1rio, 84 min. HD \u00b7 Cor \u00b7 2.39:1<\/p>\r\n\r\n\r\n\r\n<p><strong>Com<\/strong>\u00a0Mbaye Sow <strong>Realizadores<\/strong>\u00a0Pedro Figueiredo Neto &amp; Ricardo Falc\u00e3o <strong>Imagem<\/strong>\u00a0Pedro Figueiredo Neto <strong>Som<\/strong>\u00a0Ricardo Falc\u00e3o <strong>Edi\u00e7\u00e3o de Imagem<\/strong>\u00a0Francisco Moreira <strong>Supervisor de Edi\u00e7\u00e3o de Som &amp; Misturas<\/strong>\u00a0Roland Vajs <strong>M\u00fasica<\/strong>\u00a0<strong>Original<\/strong>\u00a0Mattia Bonafini &amp; Filipe Palha <strong>Produtoras<\/strong>\u00a0Joana Ferreira &amp; Isabel Machado <strong>Produ\u00e7\u00e3o<\/strong>\u00a0Sopro Filmes <strong>Distribui\u00e7\u00e3o<\/strong>\u00a0Zero em Comportamento<\/p>\r\n","protected":false},"excerpt":{"rendered":"<p>Na quinta-feira, 31 de Outubro \u00e0s 19h, ser\u00e1 apresentado no audit\u00f3rio do CCFBG o document\u00e1rio &#8220;Yoon&#8221;, em presen\u00e7a do cineasta Pedro Figueiredo Neto. O filme ser\u00e1 seguido dum djumbai. A&hellip;<\/p>\n","protected":false},"author":1,"featured_media":1599,"comment_status":"open","ping_status":"closed","template":"","meta":{"_tribe_events_status":"","_tribe_events_status_reason":"","footnotes":""},"tags":[],"tribe_events_cat":[12,46,36],"class_list":["post-1602","tribe_events","type-tribe_events","status-publish","has-post-thumbnail","hentry","tribe_events_cat-cinema","tribe_events_cat-conferencia","tribe_events_cat-documentaire","cat_cinema","cat_conferencia","cat_documentaire"],"_links":{"self":[{"href":"https:\/\/www.ccfbg.net\/index.php\/wp-json\/wp\/v2\/tribe_events\/1602","targetHints":{"allow":["GET"]}}],"collection":[{"href":"https:\/\/www.ccfbg.net\/index.php\/wp-json\/wp\/v2\/tribe_events"}],"about":[{"href":"https:\/\/www.ccfbg.net\/index.php\/wp-json\/wp\/v2\/types\/tribe_events"}],"author":[{"embeddable":true,"href":"https:\/\/www.ccfbg.net\/index.php\/wp-json\/wp\/v2\/users\/1"}],"replies":[{"embeddable":true,"href":"https:\/\/www.ccfbg.net\/index.php\/wp-json\/wp\/v2\/comments?post=1602"}],"version-history":[{"count":2,"href":"https:\/\/www.ccfbg.net\/index.php\/wp-json\/wp\/v2\/tribe_events\/1602\/revisions"}],"predecessor-version":[{"id":1604,"href":"https:\/\/www.ccfbg.net\/index.php\/wp-json\/wp\/v2\/tribe_events\/1602\/revisions\/1604"}],"wp:featuredmedia":[{"embeddable":true,"href":"https:\/\/www.ccfbg.net\/index.php\/wp-json\/wp\/v2\/media\/1599"}],"wp:attachment":[{"href":"https:\/\/www.ccfbg.net\/index.php\/wp-json\/wp\/v2\/media?parent=1602"}],"wp:term":[{"taxonomy":"post_tag","embeddable":true,"href":"https:\/\/www.ccfbg.net\/index.php\/wp-json\/wp\/v2\/tags?post=1602"},{"taxonomy":"tribe_events_cat","embeddable":true,"href":"https:\/\/www.ccfbg.net\/index.php\/wp-json\/wp\/v2\/tribe_events_cat?post=1602"}],"curies":[{"name":"wp","href":"https:\/\/api.w.org\/{rel}","templated":true}]}}

Apresentação do documentário &#8220;Yoon&#8221;, em presença do cineasta Pedro Figueiredo Neto.  Quinta-feira, 31 de Outubro às 19h

<p>Na quinta-feira, 31 de Outubro às 19h, será apresentado no auditório do CCFBG o documentário &#8220;Yoon&#8221;, em presença do cineasta Pedro Figueiredo Neto. O filme será seguido dum djumbai. A atividade é gratuita. Confira abaixo mais informações sobre o documentário e o trailer.</p>



<p>Sinopse: Em &#8220;Yoon&#8221; Pedro Figueiredo Neto e Ricardo Falcão acompanham uma travessia que o &#8220;routier&#8221; Mbaye Sow faz recorrentemente entre Portugal e o Senegal, para transportar bens, roupas e objectos para diversas famílias. Viajando num velho Peugeot 504, percorrem um caminho longo e arriscado, e repleto de encontros e constrangimentos. A palavra &#8220;Yoon&#8221; tem, na língua wolof, uma multiplicidade de significados, “caminho, “lei”, “norma”, “religião”, ou “viagem”, remetendo para um pensamento propriamente existencial implicado nas questões conceptuais e geográficas das “fronteiras, os fluxos de bens, ideias e pessoas entre a Europa e África”. Texto: Cinemateca Portuguesa</p>



<p>Confira o trailer aqui: <a href="https://cinecartaz.publico.pt/filme/yoon-410055">https://cinecartaz.publico.pt/filme/yoon-410055</a></p>



<p>Pedro Figueiredo Neto</p>



<p>(1984) Antropólogo, arquiteto e cineasta, é atualmente investigador no Instituto de Ciências Sociais da Universidade de Lisboa (ICS- ULisboa). Os seus interesses de pesquisa gravitam à volta da questão das fronteiras, migrações, mobilidade, deslocamento forçado, violência e extrativismo, sobretudo no contexto africano (Zâmbia, Angola, Moçambique, Guiné-Bissau). O seu trabalho de investigação conta com publicações em revistas internacionais de referência, e a sua obra audiovisual tem sido apresentada em vários festivais de cinema e eventos científicos.</p>



<p><strong>Filmografia seleccionada</strong> YOON (2021) Abissal (2021) Withering Refuge (2020) Curupira (2016) Bulwark (2016) Sant’Ana Bikers (2013) Sizígia (2012)</p>



<p>Ricardo Falcão</p>



<p>(1980) Foi pela primeira vez ao Senegal em 2007 e tem, desde então, desenvolvido a sua relação com este país através de diversos trabalhos académicos e documentais e, sobretudo, de uma longa etnografia. Tem formação em Antropologia e é doutorado em Estudos Africanos. Atualmente, é investigador do CEI-Iscte, enquanto que o seu trabalho académico se dedica às questões de violência de género, direitos sexuais e reprodutivos e aos conflitos geracionais e valores sociais, em particular nos contextos da África Ocidental. Dedica-se, desde 2005, à fotografia e, em 2009, realizou Walo Walo, rodado em torno do Lac de Guiers, na região do Norte do Senegal.</p>



<p><strong>Filmografia</strong> YOON (2021) Waalo Waalo (2009)</p>



<p>Ficha Técnica</p>



<p>Pedro Figueiredo Neto e Ricardo Falcão, 2021, Portugal, documentário, 84 min. HD · Cor · 2.39:1</p>



<p><strong>Com</strong> Mbaye Sow <strong>Realizadores</strong> Pedro Figueiredo Neto &amp; Ricardo Falcão <strong>Imagem</strong> Pedro Figueiredo Neto <strong>Som</strong> Ricardo Falcão <strong>Edição de Imagem</strong> Francisco Moreira <strong>Supervisor de Edição de Som &amp; Misturas</strong> Roland Vajs <strong>Música</strong> <strong>Original</strong> Mattia Bonafini &amp; Filipe Palha <strong>Produtoras</strong> Joana Ferreira &amp; Isabel Machado <strong>Produção</strong> Sopro Filmes <strong>Distribuição</strong> Zero em Comportamento</p>

<p>Na quinta-feira, 31 de Outubro às 19h, será apresentado no auditório do CCFBG o documentário &#8220;Yoon&#8221;, em presença do cineasta Pedro Figueiredo Neto. O filme será seguido dum djumbai. A&hellip;</p>
