{"id":1518,"date":"2024-09-10T10:24:42","date_gmt":"2024-09-10T10:24:42","guid":{"rendered":"https:\/\/www.ccfbg.net\/?post_type=tribe_events&#038;p=1518"},"modified":"2024-09-10T10:24:42","modified_gmt":"2024-09-10T10:24:42","slug":"sou-um-simples-africano-documentario-de-flora-gomes-sana-na-nhada-e-suleimane-biai-sobre-amilcar-cabral-quinta-feira-12-de-setembro-19h-entrada-livre","status":"publish","type":"tribe_events","link":"https:\/\/www.ccfbg.net\/index.php\/eventos\/sou-um-simples-africano-documentario-de-flora-gomes-sana-na-nhada-e-suleimane-biai-sobre-amilcar-cabral-quinta-feira-12-de-setembro-19h-entrada-livre\/","title":{"rendered":"&#8220;Sou um simples africano&#8221;, document\u00e1rio de Flora Gomes, Sana Na N&#8217;Hada e Suleimane Biai sobre Amilcar Cabral &#8211; Quinta-feira, 12 de Setembro, 19h &#8211; Entrada livre!"},"content":{"rendered":"<p>Nesta quinta-feira, 12 de Setembro, \u00e0s 19h, em alus\u00e3o ao Centen\u00e1rio do nascimento de Am\u00edlcar Cabral, ser\u00e1 apresentado no CCFBG uma primeira vers\u00e3o do document\u00e1rio de Flora Gomes, Sana Na N&#8217;Hada e Suleimane Biai &#8220;Sou um simples africano&#8221;. Entrada livre. Apresenta\u00e7\u00e3o seguida dum djumbai com os cineastas. Dura\u00e7\u00e3o do filme: 46 minutos.<br \/>\n&#8211;<br \/>\nH\u00e1 mais de cinquenta anos, o l\u00edder da liberta\u00e7\u00e3o africana Am\u00edlcar Cabral confiou a um grupo de quatro jovens cineastas guineenses de Bissau a tarefa de documentar a guerra de independ\u00eancia do pa\u00eds da \u00c1frica Ocidental. Mas antes de poderem terminar o filme, Cabral foi assassinado. Agora, Flora Gomes e Sanha Na N&#8217;hada &#8211; os dois membros sobreviventes do grupo original &#8211; assim como Suleimane Biai, esperam finalmente terminar o document\u00e1rio sobre Cabral, a luta pela independ\u00eancia e o custo da ocupa\u00e7\u00e3o.<br \/>\nSinopse do filme: Este filme combina document\u00e1rio e fic\u00e7\u00e3o para contar a hist\u00f3ria do revolucion\u00e1rio da \u00c1frica Ocidental Am\u00edlcar Cabral, e como ele preparou e liderou a luta pela independ\u00eancia da Guin\u00e9-Bissau e de Cabo Verde na \u00c1frica Ocidental. A sua luta popular e a sua vit\u00f3ria sobre a pot\u00eancia colonial portuguesa nos anos 60-70 contribu\u00edram tamb\u00e9m decisivamente para o derrube da ditadura que governava Portugal na\u00a0mesma\u00a0altura.<\/p>\n","protected":false},"excerpt":{"rendered":"<p>Nesta quinta-feira, 12 de Setembro, \u00e0s 19h, em alus\u00e3o ao Centen\u00e1rio do nascimento de Am\u00edlcar Cabral, ser\u00e1 apresentado no CCFBG uma primeira vers\u00e3o do document\u00e1rio de Flora Gomes, Sana Na&hellip;<\/p>\n","protected":false},"author":1,"featured_media":1517,"comment_status":"open","ping_status":"closed","template":"","meta":{"_tribe_events_status":"","_tribe_events_status_reason":"","footnotes":""},"tags":[],"tribe_events_cat":[48,12,46,36],"class_list":["post-1518","tribe_events","type-tribe_events","status-publish","has-post-thumbnail","hentry","tribe_events_cat-artes-visuais","tribe_events_cat-cinema","tribe_events_cat-conferencia","tribe_events_cat-documentaire","cat_artes-visuais","cat_cinema","cat_conferencia","cat_documentaire"],"_links":{"self":[{"href":"https:\/\/www.ccfbg.net\/index.php\/wp-json\/wp\/v2\/tribe_events\/1518","targetHints":{"allow":["GET"]}}],"collection":[{"href":"https:\/\/www.ccfbg.net\/index.php\/wp-json\/wp\/v2\/tribe_events"}],"about":[{"href":"https:\/\/www.ccfbg.net\/index.php\/wp-json\/wp\/v2\/types\/tribe_events"}],"author":[{"embeddable":true,"href":"https:\/\/www.ccfbg.net\/index.php\/wp-json\/wp\/v2\/users\/1"}],"replies":[{"embeddable":true,"href":"https:\/\/www.ccfbg.net\/index.php\/wp-json\/wp\/v2\/comments?post=1518"}],"version-history":[{"count":1,"href":"https:\/\/www.ccfbg.net\/index.php\/wp-json\/wp\/v2\/tribe_events\/1518\/revisions"}],"predecessor-version":[{"id":1519,"href":"https:\/\/www.ccfbg.net\/index.php\/wp-json\/wp\/v2\/tribe_events\/1518\/revisions\/1519"}],"wp:featuredmedia":[{"embeddable":true,"href":"https:\/\/www.ccfbg.net\/index.php\/wp-json\/wp\/v2\/media\/1517"}],"wp:attachment":[{"href":"https:\/\/www.ccfbg.net\/index.php\/wp-json\/wp\/v2\/media?parent=1518"}],"wp:term":[{"taxonomy":"post_tag","embeddable":true,"href":"https:\/\/www.ccfbg.net\/index.php\/wp-json\/wp\/v2\/tags?post=1518"},{"taxonomy":"tribe_events_cat","embeddable":true,"href":"https:\/\/www.ccfbg.net\/index.php\/wp-json\/wp\/v2\/tribe_events_cat?post=1518"}],"curies":[{"name":"wp","href":"https:\/\/api.w.org\/{rel}","templated":true}]}}

&#8220;Sou um simples africano&#8221;, documentário de Flora Gomes, Sana Na N&#8217;Hada e Suleimane Biai sobre Amilcar Cabral &#8211; Quinta-feira, 12 de Setembro, 19h &#8211; Entrada livre!

<p>Nesta quinta-feira, 12 de Setembro, às 19h, em alusão ao Centenário do nascimento de Amílcar Cabral, será apresentado no CCFBG uma primeira versão do documentário de Flora Gomes, Sana Na N&#8217;Hada e Suleimane Biai &#8220;Sou um simples africano&#8221;. Entrada livre. Apresentação seguida dum djumbai com os cineastas. Duração do filme: 46 minutos.<br />
&#8211;<br />
Há mais de cinquenta anos, o líder da libertação africana Amílcar Cabral confiou a um grupo de quatro jovens cineastas guineenses de Bissau a tarefa de documentar a guerra de independência do país da África Ocidental. Mas antes de poderem terminar o filme, Cabral foi assassinado. Agora, Flora Gomes e Sanha Na N&#8217;hada &#8211; os dois membros sobreviventes do grupo original &#8211; assim como Suleimane Biai, esperam finalmente terminar o documentário sobre Cabral, a luta pela independência e o custo da ocupação.<br />
Sinopse do filme: Este filme combina documentário e ficção para contar a história do revolucionário da África Ocidental Amílcar Cabral, e como ele preparou e liderou a luta pela independência da Guiné-Bissau e de Cabo Verde na África Ocidental. A sua luta popular e a sua vitória sobre a potência colonial portuguesa nos anos 60-70 contribuíram também decisivamente para o derrube da ditadura que governava Portugal na mesma altura.</p>

<p>Nesta quinta-feira, 12 de Setembro, às 19h, em alusão ao Centenário do nascimento de Amílcar Cabral, será apresentado no CCFBG uma primeira versão do documentário de Flora Gomes, Sana Na&hellip;</p>
