{"id":1272,"date":"2024-03-19T19:36:58","date_gmt":"2024-03-19T19:36:58","guid":{"rendered":"https:\/\/www.ccfbg.net\/?post_type=tribe_events&#038;p=1272"},"modified":"2024-03-19T19:41:56","modified_gmt":"2024-03-19T19:41:56","slug":"exposicao-kubuni-les-bandes-dessinees-dafrique-s","status":"publish","type":"tribe_events","link":"https:\/\/www.ccfbg.net\/index.php\/eventos\/exposicao-kubuni-les-bandes-dessinees-dafrique-s\/","title":{"rendered":"Exposi\u00e7\u00e3o &#8220;Kubuni,&#8221; les bandes dessin\u00e9es d&#8217;Afrique.s"},"content":{"rendered":"<p>A exposi\u00e7\u00e3o Kubuni, les bandes dessin\u00e9es d&#8217;Afrique.s (Kubuni, as bandas desenhadas de \u00c1frica) apresenta pela primeira vez uma s\u00edntese da abundante cria\u00e7\u00e3o africana no dom\u00ednio da nona arte. A exposi\u00e7\u00e3o, apresentada no \u00e2mbito da Temporada \u00c1frica2020, \u00e9 fruto de uma parceria entre a Cit\u00e9 Internationale de la bande dessin\u00e9e et de l&#8217;image, o Institut fran\u00e7ais du Congo e o Bilili BD Festival.<\/p>\n<p>Kubuni (&#8220;cria\u00e7\u00e3o imagin\u00e1ria&#8221; em sua\u00edli) oferece uma cartografia da banda desenhada da \u00c1frica Subsariana baseada em tr\u00eas temas principais: ontem, hoje e amanh\u00e3. A exposi\u00e7\u00e3o re\u00fane o trabalho de mais de 50 autores de banda desenhada numa grande variedade de estilos.<\/p>\n<p>A exposi\u00e7\u00e3o pode ser visitada de forma gratuita de 20 a 30 de Mar\u00e7o na Galeria do Centro Cultural Franco Bissau\u00a0 Guineense. De segunda \u00e0 sexta das 9h \u00e0s 18h30. Aos s\u00e1bados de 9h \u00e0s 13h.<\/p>\n<p>Mais informa\u00e7\u00f5es aqui: https:\/\/www.institutfrancais.com\/fr\/magazine\/oeuvre\/kubuni-les-bandes-dessinees-afriques<\/p>\n<p><iframe loading=\"lazy\" title=\"Teaser de l&#039;Exposition Kubuni, les bandes dessin\u00e9es d\u2019Afrique.s\" width=\"440\" height=\"248\" src=\"https:\/\/www.youtube.com\/embed\/s9NJHefAsCQ?feature=oembed\" frameborder=\"0\" allow=\"accelerometer; autoplay; clipboard-write; encrypted-media; gyroscope; picture-in-picture; web-share\" referrerpolicy=\"strict-origin-when-cross-origin\" allowfullscreen><\/iframe><\/p>\n","protected":false},"excerpt":{"rendered":"<p>A exposi\u00e7\u00e3o Kubuni, les bandes dessin\u00e9es d&#8217;Afrique.s (Kubuni, as bandas desenhadas de \u00c1frica) apresenta pela primeira vez uma s\u00edntese da abundante cria\u00e7\u00e3o africana no dom\u00ednio da nona arte. A exposi\u00e7\u00e3o,&hellip;<\/p>\n","protected":false},"author":1,"featured_media":1278,"comment_status":"open","ping_status":"closed","template":"","meta":{"_tribe_events_status":"","_tribe_events_status_reason":"","footnotes":""},"tags":[],"tribe_events_cat":[48],"class_list":["post-1272","tribe_events","type-tribe_events","status-publish","has-post-thumbnail","hentry","tribe_events_cat-artes-visuais","cat_artes-visuais"],"_links":{"self":[{"href":"https:\/\/www.ccfbg.net\/index.php\/wp-json\/wp\/v2\/tribe_events\/1272","targetHints":{"allow":["GET"]}}],"collection":[{"href":"https:\/\/www.ccfbg.net\/index.php\/wp-json\/wp\/v2\/tribe_events"}],"about":[{"href":"https:\/\/www.ccfbg.net\/index.php\/wp-json\/wp\/v2\/types\/tribe_events"}],"author":[{"embeddable":true,"href":"https:\/\/www.ccfbg.net\/index.php\/wp-json\/wp\/v2\/users\/1"}],"replies":[{"embeddable":true,"href":"https:\/\/www.ccfbg.net\/index.php\/wp-json\/wp\/v2\/comments?post=1272"}],"version-history":[{"count":1,"href":"https:\/\/www.ccfbg.net\/index.php\/wp-json\/wp\/v2\/tribe_events\/1272\/revisions"}],"predecessor-version":[{"id":1274,"href":"https:\/\/www.ccfbg.net\/index.php\/wp-json\/wp\/v2\/tribe_events\/1272\/revisions\/1274"}],"wp:featuredmedia":[{"embeddable":true,"href":"https:\/\/www.ccfbg.net\/index.php\/wp-json\/wp\/v2\/media\/1278"}],"wp:attachment":[{"href":"https:\/\/www.ccfbg.net\/index.php\/wp-json\/wp\/v2\/media?parent=1272"}],"wp:term":[{"taxonomy":"post_tag","embeddable":true,"href":"https:\/\/www.ccfbg.net\/index.php\/wp-json\/wp\/v2\/tags?post=1272"},{"taxonomy":"tribe_events_cat","embeddable":true,"href":"https:\/\/www.ccfbg.net\/index.php\/wp-json\/wp\/v2\/tribe_events_cat?post=1272"}],"curies":[{"name":"wp","href":"https:\/\/api.w.org\/{rel}","templated":true}]}}

Exposição &#8220;Kubuni,&#8221; les bandes dessinées d&#8217;Afrique.s

<p>A exposição Kubuni, les bandes dessinées d&#8217;Afrique.s (Kubuni, as bandas desenhadas de África) apresenta pela primeira vez uma síntese da abundante criação africana no domínio da nona arte. A exposição, apresentada no âmbito da Temporada África2020, é fruto de uma parceria entre a Cité Internationale de la bande dessinée et de l&#8217;image, o Institut français du Congo e o Bilili BD Festival.</p>
<p>Kubuni (&#8220;criação imaginária&#8221; em suaíli) oferece uma cartografia da banda desenhada da África Subsariana baseada em três temas principais: ontem, hoje e amanhã. A exposição reúne o trabalho de mais de 50 autores de banda desenhada numa grande variedade de estilos.</p>
<p>A exposição pode ser visitada de forma gratuita de 20 a 30 de Março na Galeria do Centro Cultural Franco Bissau  Guineense. De segunda à sexta das 9h às 18h30. Aos sábados de 9h às 13h.</p>
<p>Mais informações aqui: https://www.institutfrancais.com/fr/magazine/oeuvre/kubuni-les-bandes-dessinees-afriques</p>
<p><iframe loading="lazy" title="Teaser de l&#039;Exposition Kubuni, les bandes dessinées d’Afrique.s" width="440" height="248" src="https://www.youtube.com/embed/s9NJHefAsCQ?feature=oembed" frameborder="0" allow="accelerometer; autoplay; clipboard-write; encrypted-media; gyroscope; picture-in-picture; web-share" referrerpolicy="strict-origin-when-cross-origin" allowfullscreen></iframe></p>

<p>A exposição Kubuni, les bandes dessinées d&#8217;Afrique.s (Kubuni, as bandas desenhadas de África) apresenta pela primeira vez uma síntese da abundante criação africana no domínio da nona arte. A exposição,&hellip;</p>
