{"id":1210,"date":"2024-02-24T16:35:41","date_gmt":"2024-02-24T16:35:41","guid":{"rendered":"https:\/\/www.ccfbg.net\/?post_type=tribe_events&#038;p=1210"},"modified":"2024-02-24T16:35:41","modified_gmt":"2024-02-24T16:35:41","slug":"apresentacoes-do-filme-nome-de-sana-na-nhada","status":"publish","type":"tribe_events","link":"https:\/\/www.ccfbg.net\/index.php\/eventos\/apresentacoes-do-filme-nome-de-sana-na-nhada\/","title":{"rendered":"Apresenta\u00e7\u00f5es do filme &#8220;Nome&#8221; de Sana Na N&#8217;Hada"},"content":{"rendered":"<p>O CCFBG organiza sess\u00f5es exclusivas do filme &#8220;Nome&#8221; de Sana Na N&#8217;Hada.<\/p>\n<p><strong>SINOPSE<br \/>\n<\/strong>Guin\u00e9-Bissau, 1969. Uma violenta guerra op\u00f5e o ex\u00e9rcito colonial portugu\u00eas aos guerrilheiros do Partido Africano para a Independ\u00eancia da Guin\u00e9 e Cabo Verde. NOME deixou a sua aldeia e juntou-se aos maquis. Passados anos, regressa como her\u00f3i. Mas o j\u00fabilo depressa deu lugar \u00e0 amargura e ao cinismo<\/p>\n<p>2023 &#8211; 112 MIN &#8211; GUIN\u00c9-BISSAU, FRAN\u00c7A, PORTUGAL, ANGOLA<br \/>\nCOR \/ PRETO E BRANCO &#8211; SOM 5.1 &#8211; HD &amp; 16MM<\/p>\n<p>&#8211;\u00a0\u00a0\u00a0\u00a0\u00a0\u00a0\u00a0\u00a0\u00a0\u00a0 No S\u00e1bado 24 de Fevereiro, \u00e0s 20h30 : antestreia somente para convidados<br \/>\n&#8211;\u00a0\u00a0\u00a0\u00a0\u00a0\u00a0\u00a0\u00a0\u00a0\u00a0 Na Sexta-feira 1 de Mar\u00e7o \u00e0s 20h30 (1000 XOF para estudantes, 2000 XOF p\u00fablico geral)<br \/>\n&#8211;\u00a0\u00a0\u00a0\u00a0\u00a0 No s\u00e1bado 2 de Mar\u00e7o \u00e0s 17h00 (1000 XOF para estudantes, 2000 XOF p\u00fablico geral)<br \/>\n&#8211;\u00a0\u00a0\u00a0\u00a0\u00a0\u00a0\u00a0\u00a0\u00a0\u00a0 No s\u00e1bado 9 de Mar\u00e7o \u00e0s 17h00 \u00a0e \u00a0\u00e0s 20h30 (1000 XOF para estudantes, 2000 XOF p\u00fablico geral)<\/p>\n<p>Outras apresenta\u00e7\u00f5es ser\u00e3o organizadas em Bissau e nas prov\u00edncias.<br \/>\nMais informa\u00e7\u00f5es em: www.ccfbg.net<\/p>\n<p>&nbsp;<\/p>\n<p>&nbsp;<\/p>\n<p>&nbsp;<\/p>\n","protected":false},"excerpt":{"rendered":"<p>O CCFBG organiza sess\u00f5es exclusivas do filme &#8220;Nome&#8221; de Sana Na N&#8217;Hada. SINOPSE Guin\u00e9-Bissau, 1969. Uma violenta guerra op\u00f5e o ex\u00e9rcito colonial portugu\u00eas aos guerrilheiros do Partido Africano para a&hellip;<\/p>\n","protected":false},"author":1,"featured_media":1211,"comment_status":"open","ping_status":"closed","template":"","meta":{"_tribe_events_status":"","_tribe_events_status_reason":"","footnotes":""},"tags":[],"tribe_events_cat":[12],"class_list":["post-1210","tribe_events","type-tribe_events","status-publish","has-post-thumbnail","hentry","tribe_events_cat-cinema","cat_cinema"],"_links":{"self":[{"href":"https:\/\/www.ccfbg.net\/index.php\/wp-json\/wp\/v2\/tribe_events\/1210","targetHints":{"allow":["GET"]}}],"collection":[{"href":"https:\/\/www.ccfbg.net\/index.php\/wp-json\/wp\/v2\/tribe_events"}],"about":[{"href":"https:\/\/www.ccfbg.net\/index.php\/wp-json\/wp\/v2\/types\/tribe_events"}],"author":[{"embeddable":true,"href":"https:\/\/www.ccfbg.net\/index.php\/wp-json\/wp\/v2\/users\/1"}],"replies":[{"embeddable":true,"href":"https:\/\/www.ccfbg.net\/index.php\/wp-json\/wp\/v2\/comments?post=1210"}],"version-history":[{"count":1,"href":"https:\/\/www.ccfbg.net\/index.php\/wp-json\/wp\/v2\/tribe_events\/1210\/revisions"}],"predecessor-version":[{"id":1214,"href":"https:\/\/www.ccfbg.net\/index.php\/wp-json\/wp\/v2\/tribe_events\/1210\/revisions\/1214"}],"wp:featuredmedia":[{"embeddable":true,"href":"https:\/\/www.ccfbg.net\/index.php\/wp-json\/wp\/v2\/media\/1211"}],"wp:attachment":[{"href":"https:\/\/www.ccfbg.net\/index.php\/wp-json\/wp\/v2\/media?parent=1210"}],"wp:term":[{"taxonomy":"post_tag","embeddable":true,"href":"https:\/\/www.ccfbg.net\/index.php\/wp-json\/wp\/v2\/tags?post=1210"},{"taxonomy":"tribe_events_cat","embeddable":true,"href":"https:\/\/www.ccfbg.net\/index.php\/wp-json\/wp\/v2\/tribe_events_cat?post=1210"}],"curies":[{"name":"wp","href":"https:\/\/api.w.org\/{rel}","templated":true}]}}

Apresentações do filme &#8220;Nome&#8221; de Sana Na N&#8217;Hada

<p>O CCFBG organiza sessões exclusivas do filme &#8220;Nome&#8221; de Sana Na N&#8217;Hada.</p>
<p><strong>SINOPSE<br />
</strong>Guiné-Bissau, 1969. Uma violenta guerra opõe o exército colonial português aos guerrilheiros do Partido Africano para a Independência da Guiné e Cabo Verde. NOME deixou a sua aldeia e juntou-se aos maquis. Passados anos, regressa como herói. Mas o júbilo depressa deu lugar à amargura e ao cinismo</p>
<p>2023 &#8211; 112 MIN &#8211; GUINÉ-BISSAU, FRANÇA, PORTUGAL, ANGOLA<br />
COR / PRETO E BRANCO &#8211; SOM 5.1 &#8211; HD &amp; 16MM</p>
<p>&#8211;           No Sábado 24 de Fevereiro, às 20h30 : antestreia somente para convidados<br />
&#8211;           Na Sexta-feira 1 de Março às 20h30 (1000 XOF para estudantes, 2000 XOF público geral)<br />
&#8211;      No sábado 2 de Março às 17h00 (1000 XOF para estudantes, 2000 XOF público geral)<br />
&#8211;           No sábado 9 de Março às 17h00  e  às 20h30 (1000 XOF para estudantes, 2000 XOF público geral)</p>
<p>Outras apresentações serão organizadas em Bissau e nas províncias.<br />
Mais informações em: www.ccfbg.net</p>
<p>&nbsp;</p>
<p>&nbsp;</p>
<p>&nbsp;</p>

<p>O CCFBG organiza sessões exclusivas do filme &#8220;Nome&#8221; de Sana Na N&#8217;Hada. SINOPSE Guiné-Bissau, 1969. Uma violenta guerra opõe o exército colonial português aos guerrilheiros do Partido Africano para a&hellip;</p>
