{"id":1194,"date":"2024-02-19T10:45:32","date_gmt":"2024-02-19T10:45:32","guid":{"rendered":"https:\/\/www.ccfbg.net\/?post_type=tribe_events&#038;p=1194"},"modified":"2024-02-19T11:47:23","modified_gmt":"2024-02-19T11:47:23","slug":"grande-concerto-da-orquestra-social-rizoma-com-o-renomado-maestro-portugues-eduardo-lala","status":"publish","type":"tribe_events","link":"https:\/\/www.ccfbg.net\/index.php\/eventos\/grande-concerto-da-orquestra-social-rizoma-com-o-renomado-maestro-portugues-eduardo-lala\/","title":{"rendered":"Grande concerto da Orquestra Social Rizoma com o renomado maestro portugu\u00eas Eduardo L\u00e1la"},"content":{"rendered":"<p>\u00c9 com grande prazer e orgulho que convidamos todos para o grande concerto da Orquestra Social Rizoma realizado no Centro Cultural Franco-Bissau Guineense dia 23 de Fevereiro, sexta-feira, \u00e0s 18.30 horas. Bilhete: 2.000 XOF.<\/p>\n<p>O concerto ser\u00e1 conduzido pelo renomado maestro portugu\u00eas Eduardo L\u00e1la, resultado de uma resid\u00eancia art\u00edstica do maestro com a nossa excepcional Orquestra.<\/p>\n<p>A Orquestra \u00e9 formada por alunos e professores da Bantaba e contar\u00e1 com a participa\u00e7\u00e3o de alguns membros da Banda Militar que estar\u00e3o envolvidos na resid\u00eancia art\u00edstica.<\/p>\n<p>A Bantaba opera diariamente no Centro Cultural Jos\u00e9 Carlos Schwarz, em B\u00f4r, para levar m\u00fasica \u00e0s crian\u00e7as e jovens mais necessitados de Bissau, oferecendo gratuitamente aulas de m\u00fasica a dezenas de alunos. O ensino da m\u00fasica aqui \u00e9 considerado uma ferramenta de desenvolvimento social, pessoal e comunit\u00e1rio.<\/p>\n<p>Ao adquirir o seu bilhete, est\u00e1 a contribuir diretamente para a Bantaba permitindo que esses alunos continuem a aprender e a crescer com a m\u00fasica gratuitamente.<\/p>\n","protected":false},"excerpt":{"rendered":"<p>\u00c9 com grande prazer e orgulho que convidamos todos para o grande concerto da Orquestra Social Rizoma realizado no Centro Cultural Franco-Bissau Guineense dia 23 de Fevereiro, sexta-feira, \u00e0s 18.30&hellip;<\/p>\n","protected":false},"author":1,"featured_media":1196,"comment_status":"open","ping_status":"closed","template":"","meta":{"_tribe_events_status":"","_tribe_events_status_reason":"","footnotes":""},"tags":[],"tribe_events_cat":[40],"class_list":["post-1194","tribe_events","type-tribe_events","status-publish","has-post-thumbnail","hentry","tribe_events_cat-concerto","cat_concerto"],"_links":{"self":[{"href":"https:\/\/www.ccfbg.net\/index.php\/wp-json\/wp\/v2\/tribe_events\/1194","targetHints":{"allow":["GET"]}}],"collection":[{"href":"https:\/\/www.ccfbg.net\/index.php\/wp-json\/wp\/v2\/tribe_events"}],"about":[{"href":"https:\/\/www.ccfbg.net\/index.php\/wp-json\/wp\/v2\/types\/tribe_events"}],"author":[{"embeddable":true,"href":"https:\/\/www.ccfbg.net\/index.php\/wp-json\/wp\/v2\/users\/1"}],"replies":[{"embeddable":true,"href":"https:\/\/www.ccfbg.net\/index.php\/wp-json\/wp\/v2\/comments?post=1194"}],"version-history":[{"count":2,"href":"https:\/\/www.ccfbg.net\/index.php\/wp-json\/wp\/v2\/tribe_events\/1194\/revisions"}],"predecessor-version":[{"id":1202,"href":"https:\/\/www.ccfbg.net\/index.php\/wp-json\/wp\/v2\/tribe_events\/1194\/revisions\/1202"}],"wp:featuredmedia":[{"embeddable":true,"href":"https:\/\/www.ccfbg.net\/index.php\/wp-json\/wp\/v2\/media\/1196"}],"wp:attachment":[{"href":"https:\/\/www.ccfbg.net\/index.php\/wp-json\/wp\/v2\/media?parent=1194"}],"wp:term":[{"taxonomy":"post_tag","embeddable":true,"href":"https:\/\/www.ccfbg.net\/index.php\/wp-json\/wp\/v2\/tags?post=1194"},{"taxonomy":"tribe_events_cat","embeddable":true,"href":"https:\/\/www.ccfbg.net\/index.php\/wp-json\/wp\/v2\/tribe_events_cat?post=1194"}],"curies":[{"name":"wp","href":"https:\/\/api.w.org\/{rel}","templated":true}]}}

Grande concerto da Orquestra Social Rizoma com o renomado maestro português Eduardo Lála

<p>É com grande prazer e orgulho que convidamos todos para o grande concerto da Orquestra Social Rizoma realizado no Centro Cultural Franco-Bissau Guineense dia 23 de Fevereiro, sexta-feira, às 18.30 horas. Bilhete: 2.000 XOF.</p>
<p>O concerto será conduzido pelo renomado maestro português Eduardo Lála, resultado de uma residência artística do maestro com a nossa excepcional Orquestra.</p>
<p>A Orquestra é formada por alunos e professores da Bantaba e contará com a participação de alguns membros da Banda Militar que estarão envolvidos na residência artística.</p>
<p>A Bantaba opera diariamente no Centro Cultural José Carlos Schwarz, em Bôr, para levar música às crianças e jovens mais necessitados de Bissau, oferecendo gratuitamente aulas de música a dezenas de alunos. O ensino da música aqui é considerado uma ferramenta de desenvolvimento social, pessoal e comunitário.</p>
<p>Ao adquirir o seu bilhete, está a contribuir diretamente para a Bantaba permitindo que esses alunos continuem a aprender e a crescer com a música gratuitamente.</p>

<p>É com grande prazer e orgulho que convidamos todos para o grande concerto da Orquestra Social Rizoma realizado no Centro Cultural Franco-Bissau Guineense dia 23 de Fevereiro, sexta-feira, às 18.30&hellip;</p>
