{"id":1167,"date":"2024-02-07T11:20:05","date_gmt":"2024-02-07T11:20:05","guid":{"rendered":"https:\/\/www.ccfbg.net\/?post_type=tribe_events&#038;p=1167"},"modified":"2024-02-07T11:20:05","modified_gmt":"2024-02-07T11:20:05","slug":"apresentacao-do-projeto-ludico-pedagogico-ragui-bagui-de-daro","status":"publish","type":"tribe_events","link":"https:\/\/www.ccfbg.net\/index.php\/eventos\/apresentacao-do-projeto-ludico-pedagogico-ragui-bagui-de-daro\/","title":{"rendered":"Apresenta\u00e7\u00e3o do\u00a0\u00a0 projeto\u00a0 l\u00fadico-pedag\u00f3gico &#8220;Ragui &#038; Bagui&#8221; de Daro"},"content":{"rendered":"<p>Na quinta-feira, 8 de Fevereiro \u00e0s 17h o cantor guineense Daro iraa apresentar no auditorio do CCFBG o seu projeto l\u00fadico-pedag\u00f3gico &#8220;Ragui &amp; Bagui&#8221;. Este projeto tem como objetivo criar\u00a0 conte\u00fados para inspirar e\u00a0 motivar crian\u00e7as, bem como\u00a0\u00a0 sensibilizar sobre a\u00a0\u00a0 import\u00e2ncia da\u00a0 educa\u00e7\u00e3o\u00a0\u00a0\u00a0 escolar em suas\u00a0\u00a0\u00a0 vidas e nas\u00a0\u00a0 comunidades em que est\u00e3o\u00a0 inseridas.<\/p>\n","protected":false},"excerpt":{"rendered":"<p>Na quinta-feira, 8 de Fevereiro \u00e0s 17h o cantor guineense Daro iraa apresentar no auditorio do CCFBG o seu projeto l\u00fadico-pedag\u00f3gico &#8220;Ragui &amp; Bagui&#8221;. Este projeto tem como objetivo criar\u00a0&hellip;<\/p>\n","protected":false},"author":1,"featured_media":1164,"comment_status":"open","ping_status":"closed","template":"","meta":{"_tribe_events_status":"","_tribe_events_status_reason":"","footnotes":""},"tags":[],"tribe_events_cat":[34],"class_list":["post-1167","tribe_events","type-tribe_events","status-publish","has-post-thumbnail","hentry","tribe_events_cat-criancas-e-jovens","cat_criancas-e-jovens"],"_links":{"self":[{"href":"https:\/\/www.ccfbg.net\/index.php\/wp-json\/wp\/v2\/tribe_events\/1167","targetHints":{"allow":["GET"]}}],"collection":[{"href":"https:\/\/www.ccfbg.net\/index.php\/wp-json\/wp\/v2\/tribe_events"}],"about":[{"href":"https:\/\/www.ccfbg.net\/index.php\/wp-json\/wp\/v2\/types\/tribe_events"}],"author":[{"embeddable":true,"href":"https:\/\/www.ccfbg.net\/index.php\/wp-json\/wp\/v2\/users\/1"}],"replies":[{"embeddable":true,"href":"https:\/\/www.ccfbg.net\/index.php\/wp-json\/wp\/v2\/comments?post=1167"}],"version-history":[{"count":1,"href":"https:\/\/www.ccfbg.net\/index.php\/wp-json\/wp\/v2\/tribe_events\/1167\/revisions"}],"predecessor-version":[{"id":1170,"href":"https:\/\/www.ccfbg.net\/index.php\/wp-json\/wp\/v2\/tribe_events\/1167\/revisions\/1170"}],"wp:featuredmedia":[{"embeddable":true,"href":"https:\/\/www.ccfbg.net\/index.php\/wp-json\/wp\/v2\/media\/1164"}],"wp:attachment":[{"href":"https:\/\/www.ccfbg.net\/index.php\/wp-json\/wp\/v2\/media?parent=1167"}],"wp:term":[{"taxonomy":"post_tag","embeddable":true,"href":"https:\/\/www.ccfbg.net\/index.php\/wp-json\/wp\/v2\/tags?post=1167"},{"taxonomy":"tribe_events_cat","embeddable":true,"href":"https:\/\/www.ccfbg.net\/index.php\/wp-json\/wp\/v2\/tribe_events_cat?post=1167"}],"curies":[{"name":"wp","href":"https:\/\/api.w.org\/{rel}","templated":true}]}}

Apresentação do   projeto  lúdico-pedagógico &#8220;Ragui &#038; Bagui&#8221; de Daro

<p>Na quinta-feira, 8 de Fevereiro às 17h o cantor guineense Daro iraa apresentar no auditorio do CCFBG o seu projeto lúdico-pedagógico &#8220;Ragui &amp; Bagui&#8221;. Este projeto tem como objetivo criar  conteúdos para inspirar e  motivar crianças, bem como   sensibilizar sobre a   importância da  educação    escolar em suas    vidas e nas   comunidades em que estão  inseridas.</p>

<p>Na quinta-feira, 8 de Fevereiro às 17h o cantor guineense Daro iraa apresentar no auditorio do CCFBG o seu projeto lúdico-pedagógico &#8220;Ragui &amp; Bagui&#8221;. Este projeto tem como objetivo criar &hellip;</p>
