{"id":1137,"date":"2024-01-29T17:02:37","date_gmt":"2024-01-29T17:02:37","guid":{"rendered":"https:\/\/www.ccfbg.net\/?post_type=tribe_events&#038;p=1137"},"modified":"2024-01-29T17:04:06","modified_gmt":"2024-01-29T17:04:06","slug":"espetaculo-especial-de-carnaval-com-netos-de-bandim","status":"publish","type":"tribe_events","link":"https:\/\/www.ccfbg.net\/index.php\/eventos\/espetaculo-especial-de-carnaval-com-netos-de-bandim\/","title":{"rendered":"Espet\u00e1culo especial de Carnaval com Netos de Bandim"},"content":{"rendered":"<p>Venha divertir-se com seus amigos e familiares! Este espet\u00e1culo, com dan\u00e7as, percuss\u00f5es, acrobacias, vai lhe dar um gostinho do Carnaval, com uma amostra da diversidade cultural da Guin\u00e9 Bissau.<br \/>\n&#8211;<br \/>\nO Grupo Cultural Netos de Bandim foi fundado em 12\/11\/2000 pela Associa\u00e7\u00e3o dos Amigos da Crian\u00e7a (AMIC) com intuito de facilitar a integra\u00e7\u00e3o sociocultural das crian\u00e7as e jovens do Bairro de Bandim. No in\u00edcio, o objetivo era de oferecer espa\u00e7o de conv\u00edvio e ensinar boas pr\u00e1ticas de cidadania atrav\u00e9s da m\u00fasica, teatro e dan\u00e7a aos mais carenciados nomeadamente crian\u00e7as, jovens adolescentes e mulheres que viviam em situa\u00e7\u00e3o de extrema pobreza no Bairro de Bandim. Ao longo dos seus 21 anos de exist\u00eancia, passou a ajudar as crian\u00e7as \u00f3rf\u00e3s e aquelas que os pais n\u00e3o conseguem apoiar na forma\u00e7\u00e3o b\u00e1sica e profissional, sa\u00fade e na integra\u00e7\u00e3o social. Atrav\u00e9s da dan\u00e7a, m\u00fasica e teatro, o grupo gerou profissionais em diferentes \u00e1reas de atua\u00e7\u00e3o.<\/p>\n<p>&#8211;<br \/>\nSexta-feira, 9 de Fevereiro, 21h no Centro Cultural Franco Bissau Guineense<br \/>\nBilhete : 3000 XOF antecipado \/ 4000 XOF no dia (a venda no CCFBG)<br \/>\nInforma\u00e7\u00f5es : 955148038<\/p>\n","protected":false},"excerpt":{"rendered":"<p>Venha divertir-se com seus amigos e familiares! Este espet\u00e1culo, com dan\u00e7as, percuss\u00f5es, acrobacias, vai lhe dar um gostinho do Carnaval, com uma amostra da diversidade cultural da Guin\u00e9 Bissau. &#8211;&hellip;<\/p>\n","protected":false},"author":1,"featured_media":1136,"comment_status":"open","ping_status":"closed","template":"","meta":{"_tribe_events_status":"","_tribe_events_status_reason":"","footnotes":""},"tags":[],"tribe_events_cat":[50,24],"class_list":["post-1137","tribe_events","type-tribe_events","status-publish","has-post-thumbnail","hentry","tribe_events_cat-danca","tribe_events_cat-teatro","cat_danca","cat_teatro"],"_links":{"self":[{"href":"https:\/\/www.ccfbg.net\/index.php\/wp-json\/wp\/v2\/tribe_events\/1137","targetHints":{"allow":["GET"]}}],"collection":[{"href":"https:\/\/www.ccfbg.net\/index.php\/wp-json\/wp\/v2\/tribe_events"}],"about":[{"href":"https:\/\/www.ccfbg.net\/index.php\/wp-json\/wp\/v2\/types\/tribe_events"}],"author":[{"embeddable":true,"href":"https:\/\/www.ccfbg.net\/index.php\/wp-json\/wp\/v2\/users\/1"}],"replies":[{"embeddable":true,"href":"https:\/\/www.ccfbg.net\/index.php\/wp-json\/wp\/v2\/comments?post=1137"}],"version-history":[{"count":1,"href":"https:\/\/www.ccfbg.net\/index.php\/wp-json\/wp\/v2\/tribe_events\/1137\/revisions"}],"predecessor-version":[{"id":1141,"href":"https:\/\/www.ccfbg.net\/index.php\/wp-json\/wp\/v2\/tribe_events\/1137\/revisions\/1141"}],"wp:featuredmedia":[{"embeddable":true,"href":"https:\/\/www.ccfbg.net\/index.php\/wp-json\/wp\/v2\/media\/1136"}],"wp:attachment":[{"href":"https:\/\/www.ccfbg.net\/index.php\/wp-json\/wp\/v2\/media?parent=1137"}],"wp:term":[{"taxonomy":"post_tag","embeddable":true,"href":"https:\/\/www.ccfbg.net\/index.php\/wp-json\/wp\/v2\/tags?post=1137"},{"taxonomy":"tribe_events_cat","embeddable":true,"href":"https:\/\/www.ccfbg.net\/index.php\/wp-json\/wp\/v2\/tribe_events_cat?post=1137"}],"curies":[{"name":"wp","href":"https:\/\/api.w.org\/{rel}","templated":true}]}}

Espetáculo especial de Carnaval com Netos de Bandim

<p>Venha divertir-se com seus amigos e familiares! Este espetáculo, com danças, percussões, acrobacias, vai lhe dar um gostinho do Carnaval, com uma amostra da diversidade cultural da Guiné Bissau.<br />
&#8211;<br />
O Grupo Cultural Netos de Bandim foi fundado em 12/11/2000 pela Associação dos Amigos da Criança (AMIC) com intuito de facilitar a integração sociocultural das crianças e jovens do Bairro de Bandim. No início, o objetivo era de oferecer espaço de convívio e ensinar boas práticas de cidadania através da música, teatro e dança aos mais carenciados nomeadamente crianças, jovens adolescentes e mulheres que viviam em situação de extrema pobreza no Bairro de Bandim. Ao longo dos seus 21 anos de existência, passou a ajudar as crianças órfãs e aquelas que os pais não conseguem apoiar na formação básica e profissional, saúde e na integração social. Através da dança, música e teatro, o grupo gerou profissionais em diferentes áreas de atuação.</p>
<p>&#8211;<br />
Sexta-feira, 9 de Fevereiro, 21h no Centro Cultural Franco Bissau Guineense<br />
Bilhete : 3000 XOF antecipado / 4000 XOF no dia (a venda no CCFBG)<br />
Informações : 955148038</p>

<p>Venha divertir-se com seus amigos e familiares! Este espetáculo, com danças, percussões, acrobacias, vai lhe dar um gostinho do Carnaval, com uma amostra da diversidade cultural da Guiné Bissau. &#8211;&hellip;</p>
