{"id":1113,"date":"2024-01-24T20:26:37","date_gmt":"2024-01-24T20:26:37","guid":{"rendered":"https:\/\/www.ccfbg.net\/?post_type=tribe_events&#038;p=1113"},"modified":"2024-01-24T21:16:11","modified_gmt":"2024-01-24T21:16:11","slug":"lancamento-do-livro-inconfidencias-de-odete-costa-semedo","status":"publish","type":"tribe_events","link":"https:\/\/www.ccfbg.net\/index.php\/eventos\/lancamento-do-livro-inconfidencias-de-odete-costa-semedo\/","title":{"rendered":"Lan\u00e7amento do livro (In)Confid\u00eancias de Odete Costa Semedo"},"content":{"rendered":"\r\n<p>A autora, <strong>Odete Costa Semedo<\/strong>, e a <strong>Editorial Novembro<\/strong> convidam para o lan\u00e7amento do livro (In)Confid\u00eancias, a ter lugar no dia 2 de fevereiro de 2024, sexta-feira, no Centro Cultural Franco Bissau-Guineense, pelas 18H30.<\/p>\r\n\r\n\r\n\r\n<p>Sobre o livro e a autora DIZ-NOS INOC\u00caNCIA MATA, no pref\u00e1cio \u00e0 esta obra, que: Na presente colect\u00e2nea po\u00e9tica de Odete Costa Semedo, que re\u00fane mais de centena e meia de poemas, a escrita exibe o elogio de uma her\u00f3ica resist\u00eancia individual (cultural, f\u00edsica, psicol\u00f3gica), de que o sil\u00eancio parece ser a maior inibi\u00e7\u00e3o (e, neste contexto, o sujeito parece erigir-se a representa\u00e7\u00e3o meton\u00edmica do g\u00e9nero feminino), mas tamb\u00e9m resist\u00eancia colectiva: o ch\u00e3o, a terra, a p\u00e1tria, a \u00c1frica \u2013 \u201cV\u00f3s que vistes a \u00c1frica que h\u00e1 em mim\u201d (p. 12), diz a poetisa no seu poema libat\u00f3rio, para, mais adiante, aprofundar, alargando, essa reivindica\u00e7\u00e3o identit\u00e1ria \u00e0 comunidade afro-diasp\u00f3rica\u2026 \u201cEu que vim de todas as partes da \u00c1frica\/eu que parti mar fora\/ eu que parti e n\u00e3o voltei\/ eu que parti para fugir da fome\u201d (p. 172). E as quatro partes (\u2026) v\u00e3o destecendo uma articula\u00e7\u00e3o entre a expressividade l\u00edrica e a enuncia\u00e7\u00e3o \u00e9pica. E esta constru\u00e7\u00e3o est\u00e9tica destes poemas \u00e9 refor\u00e7ada pela estrutura\u00e7\u00e3o formal, e a sua tem\u00e1tica, do longo poema \u201cLiba\u00e7\u00e3o\u201d, mas tamb\u00e9m no macro-poema \u201cLiberdade absoluta\u201d, <em>celebrando<\/em> o plurilinguismo como o ideal da condi\u00e7\u00e3o humana. Este \u00e9 um livro sereno, quase inconfidente, em que Odete Costa Semedo, exibindo as marcas de uma viagem escritural, deambulou, buscando sempre interpretar o ch\u00e3o da Guin\u00e9 e seus manes e ir\u00e3s atrav\u00e9s das suas pr\u00f3prias experi\u00eancias\u2026<\/p>\r\n\r\n\r\n\r\n<p>Nas suas notas sobre (In)Confid\u00eancias, ROBERTA ALVES NOS CONTA QUE \u201cOdete Costa Semedo\u2026 utiliza sua pr\u00f3pria voz para representar tantas outras de ontem e de agora com a indiscri\u00e7\u00e3o de quem nos conta segredos bem escondidos. \u00a0Odete Costa Semedo, em seu novo livro, (In)confid\u00eancias, nos declara sua forte conex\u00e3o com a natureza, com sua terra, nos pedindo permiss\u00e3o para que possa nos \u201ccontar a sua hist\u00f3ria\u201d. Prenhe de gentileza, suavidade e de for\u00e7a, que lhe s\u00e3o peculiares, estabelece di\u00e1logos diretos com o cotidiano, a sua tradi\u00e7\u00e3o, a sua ancestralidade, a feminilidade e com a maternidade. \u00a0Espelhando um sorriso largo c\u00famplice daquilo que a \u201calma retrata\u201d, seus poemas desvelam-na como leitora que bebeu de tantas fontes e tantas experi\u00eancias. Enquanto poeta, a dor transbordante nos permite o tr\u00e2nsito por tantos ch\u00e3os. Revisita mnemonicamente sua hist\u00f3ria e de seu povo para \u00a0construir, \u00a0com suas palavras repletas de esperan\u00e7a, uma nova hist\u00f3ria. \u00a0Sua palavra \u00e9 gr\u00e1vida e sedenta, sempre em busca de algo que, em suas pr\u00f3prias palavras: \u201cTalvez se encontre nas entranhas da terra ou nas profundezas do mar\u201d.<\/p>\r\n\r\n\r\n\r\n<p>Este lan\u00e7amento conta com o patroc\u00ednio do CCFBG, da Embaixada da Fran\u00e7a na Guin\u00e9-Bissau, das empresas Orange e Ecobank.<\/p>\r\n","protected":false},"excerpt":{"rendered":"<p>A autora, Odete Costa Semedo, e a Editorial Novembro convidam para o lan\u00e7amento do livro (In)Confid\u00eancias, a ter lugar no dia 2 de fevereiro de 2024, sexta-feira, no Centro Cultural&hellip;<\/p>\n","protected":false},"author":1,"featured_media":1114,"comment_status":"open","ping_status":"closed","template":"","meta":{"_tribe_events_status":"","_tribe_events_status_reason":"","footnotes":""},"tags":[],"tribe_events_cat":[25],"class_list":["post-1113","tribe_events","type-tribe_events","status-publish","has-post-thumbnail","hentry","tribe_events_cat-literatura","cat_literatura"],"_links":{"self":[{"href":"https:\/\/www.ccfbg.net\/index.php\/wp-json\/wp\/v2\/tribe_events\/1113","targetHints":{"allow":["GET"]}}],"collection":[{"href":"https:\/\/www.ccfbg.net\/index.php\/wp-json\/wp\/v2\/tribe_events"}],"about":[{"href":"https:\/\/www.ccfbg.net\/index.php\/wp-json\/wp\/v2\/types\/tribe_events"}],"author":[{"embeddable":true,"href":"https:\/\/www.ccfbg.net\/index.php\/wp-json\/wp\/v2\/users\/1"}],"replies":[{"embeddable":true,"href":"https:\/\/www.ccfbg.net\/index.php\/wp-json\/wp\/v2\/comments?post=1113"}],"version-history":[{"count":2,"href":"https:\/\/www.ccfbg.net\/index.php\/wp-json\/wp\/v2\/tribe_events\/1113\/revisions"}],"predecessor-version":[{"id":1117,"href":"https:\/\/www.ccfbg.net\/index.php\/wp-json\/wp\/v2\/tribe_events\/1113\/revisions\/1117"}],"wp:featuredmedia":[{"embeddable":true,"href":"https:\/\/www.ccfbg.net\/index.php\/wp-json\/wp\/v2\/media\/1114"}],"wp:attachment":[{"href":"https:\/\/www.ccfbg.net\/index.php\/wp-json\/wp\/v2\/media?parent=1113"}],"wp:term":[{"taxonomy":"post_tag","embeddable":true,"href":"https:\/\/www.ccfbg.net\/index.php\/wp-json\/wp\/v2\/tags?post=1113"},{"taxonomy":"tribe_events_cat","embeddable":true,"href":"https:\/\/www.ccfbg.net\/index.php\/wp-json\/wp\/v2\/tribe_events_cat?post=1113"}],"curies":[{"name":"wp","href":"https:\/\/api.w.org\/{rel}","templated":true}]}}

Lançamento do livro (In)Confidências de Odete Costa Semedo

<p>A autora, <strong>Odete Costa Semedo</strong>, e a <strong>Editorial Novembro</strong> convidam para o lançamento do livro (In)Confidências, a ter lugar no dia 2 de fevereiro de 2024, sexta-feira, no Centro Cultural Franco Bissau-Guineense, pelas 18H30.</p>



<p>Sobre o livro e a autora DIZ-NOS INOCÊNCIA MATA, no prefácio à esta obra, que: Na presente colectânea poética de Odete Costa Semedo, que reúne mais de centena e meia de poemas, a escrita exibe o elogio de uma heróica resistência individual (cultural, física, psicológica), de que o silêncio parece ser a maior inibição (e, neste contexto, o sujeito parece erigir-se a representação metonímica do género feminino), mas também resistência colectiva: o chão, a terra, a pátria, a África – “Vós que vistes a África que há em mim” (p. 12), diz a poetisa no seu poema libatório, para, mais adiante, aprofundar, alargando, essa reivindicação identitária à comunidade afro-diaspórica… “Eu que vim de todas as partes da África/eu que parti mar fora/ eu que parti e não voltei/ eu que parti para fugir da fome” (p. 172). E as quatro partes (…) vão destecendo uma articulação entre a expressividade lírica e a enunciação épica. E esta construção estética destes poemas é reforçada pela estruturação formal, e a sua temática, do longo poema “Libação”, mas também no macro-poema “Liberdade absoluta”, <em>celebrando</em> o plurilinguismo como o ideal da condição humana. Este é um livro sereno, quase inconfidente, em que Odete Costa Semedo, exibindo as marcas de uma viagem escritural, deambulou, buscando sempre interpretar o chão da Guiné e seus manes e irãs através das suas próprias experiências…</p>



<p>Nas suas notas sobre (In)Confidências, ROBERTA ALVES NOS CONTA QUE “Odete Costa Semedo… utiliza sua própria voz para representar tantas outras de ontem e de agora com a indiscrição de quem nos conta segredos bem escondidos.  Odete Costa Semedo, em seu novo livro, (In)confidências, nos declara sua forte conexão com a natureza, com sua terra, nos pedindo permissão para que possa nos “contar a sua história”. Prenhe de gentileza, suavidade e de força, que lhe são peculiares, estabelece diálogos diretos com o cotidiano, a sua tradição, a sua ancestralidade, a feminilidade e com a maternidade.  Espelhando um sorriso largo cúmplice daquilo que a “alma retrata”, seus poemas desvelam-na como leitora que bebeu de tantas fontes e tantas experiências. Enquanto poeta, a dor transbordante nos permite o trânsito por tantos chãos. Revisita mnemonicamente sua história e de seu povo para  construir,  com suas palavras repletas de esperança, uma nova história.  Sua palavra é grávida e sedenta, sempre em busca de algo que, em suas próprias palavras: “Talvez se encontre nas entranhas da terra ou nas profundezas do mar”.</p>



<p>Este lançamento conta com o patrocínio do CCFBG, da Embaixada da França na Guiné-Bissau, das empresas Orange e Ecobank.</p>

<p>A autora, Odete Costa Semedo, e a Editorial Novembro convidam para o lançamento do livro (In)Confidências, a ter lugar no dia 2 de fevereiro de 2024, sexta-feira, no Centro Cultural&hellip;</p>
